{"id":1116486,"date":"2018-03-21T10:26:00","date_gmt":"2018-03-21T09:26:00","guid":{"rendered":"https:\/\/myfood.eu\/portfolio-item\/le-monde-2\/"},"modified":"2025-04-02T10:32:22","modified_gmt":"2025-04-02T09:32:22","slug":"le-monde-2","status":"publish","type":"portfolio","link":"https:\/\/myfood.eu\/de\/portfolio-item\/le-monde-2\/","title":{"rendered":"Le Monde"},"content":{"rendered":"\n<p>Was ist Aquaponik? Wir sind seit dem Salon de l&#8217;Agriculture an der Porte de Versaille in Paris live dabei, um Ihnen diese Technik vorzustellen, die die Pflanzenzucht in Symbiose mit der Fischzucht kombiniert. In Form eines Gew\u00e4chshauses, das Sie in Ihrem Garten aufstellen k\u00f6nnen, oder einer Schale, die Sie auf Ihrem Balkon installieren k\u00f6nnen, k\u00f6nnen Sie die Kits ganz einfach zu Hause in Betrieb nehmen, egal ob Sie auf dem Land oder in der Stadt wohnen.  <\/p>\n","protected":false},"excerpt":{"rendered":"<p>http:\/\/www.lemonde.fr\/planete\/article\/2017\/03\/02\/en-direct-decouvrez-l-aquaponie-au-salon-de-l-agriculture_5088140_3244.html<\/p>\n","protected":false},"author":1,"featured_media":1116465,"menu_order":0,"comment_status":"open","ping_status":"closed","template":"","meta":[],"portfolio-types":[291],"class_list":["post-1116486","portfolio","type-portfolio","status-publish","has-post-thumbnail","hentry","portfolio-types-web-de"],"yoast_head":"<!-- This site is optimized with the Yoast SEO plugin v24.7 - https:\/\/yoast.com\/wordpress\/plugins\/seo\/ -->\n<title>Le Monde - myfood - Serre innovante et Permaculture<\/title>\n<meta name=\"robots\" content=\"index, follow, max-snippet:-1, max-image-preview:large, max-video-preview:-1\" \/>\n<link rel=\"canonical\" href=\"https:\/\/myfood.eu\/de\/portfolio-item\/le-monde-2\/\" \/>\n<meta property=\"og:locale\" content=\"de_DE\" \/>\n<meta property=\"og:type\" content=\"article\" \/>\n<meta property=\"og:title\" content=\"Le Monde - myfood - Serre innovante et Permaculture\" \/>\n<meta property=\"og:description\" content=\"http:\/\/www.lemonde.fr\/planete\/article\/2017\/03\/02\/en-direct-decouvrez-l-aquaponie-au-salon-de-l-agriculture_5088140_3244.html\" \/>\n<meta property=\"og:url\" content=\"https:\/\/myfood.eu\/de\/portfolio-item\/le-monde-2\/\" \/>\n<meta property=\"og:site_name\" content=\"myfood - Serre innovante et Permaculture\" \/>\n<meta property=\"article:modified_time\" content=\"2025-04-02T09:32:22+00:00\" \/>\n<meta property=\"og:image\" content=\"https:\/\/myfood.eu\/wp-content\/uploads\/2025\/04\/logoLeMonde-150x150-1.jpg\" \/>\n\t<meta property=\"og:image:width\" content=\"150\" \/>\n\t<meta property=\"og:image:height\" content=\"150\" \/>\n\t<meta property=\"og:image:type\" content=\"image\/jpeg\" \/>\n<meta name=\"twitter:card\" content=\"summary_large_image\" \/>\n<script type=\"application\/ld+json\" class=\"yoast-schema-graph\">{\"@context\":\"https:\/\/schema.org\",\"@graph\":[{\"@type\":\"WebPage\",\"@id\":\"https:\/\/myfood.eu\/de\/portfolio-item\/le-monde-2\/\",\"url\":\"https:\/\/myfood.eu\/de\/portfolio-item\/le-monde-2\/\",\"name\":\"Le Monde - myfood - Serre innovante et Permaculture\",\"isPartOf\":{\"@id\":\"https:\/\/myfood.eu\/de\/#website\"},\"primaryImageOfPage\":{\"@id\":\"https:\/\/myfood.eu\/de\/portfolio-item\/le-monde-2\/#primaryimage\"},\"image\":{\"@id\":\"https:\/\/myfood.eu\/de\/portfolio-item\/le-monde-2\/#primaryimage\"},\"thumbnailUrl\":\"\/wp-content\/uploads\/2025\/04\/logoLeMonde-150x150-1.jpg\",\"datePublished\":\"2018-03-21T09:26:00+00:00\",\"dateModified\":\"2025-04-02T09:32:22+00:00\",\"breadcrumb\":{\"@id\":\"https:\/\/myfood.eu\/de\/portfolio-item\/le-monde-2\/#breadcrumb\"},\"inLanguage\":\"de\",\"potentialAction\":[{\"@type\":\"ReadAction\",\"target\":[\"https:\/\/myfood.eu\/de\/portfolio-item\/le-monde-2\/\"]}]},{\"@type\":\"ImageObject\",\"inLanguage\":\"de\",\"@id\":\"https:\/\/myfood.eu\/de\/portfolio-item\/le-monde-2\/#primaryimage\",\"url\":\"\/wp-content\/uploads\/2025\/04\/logoLeMonde-150x150-1.jpg\",\"contentUrl\":\"\/wp-content\/uploads\/2025\/04\/logoLeMonde-150x150-1.jpg\",\"width\":150,\"height\":150},{\"@type\":\"BreadcrumbList\",\"@id\":\"https:\/\/myfood.eu\/de\/portfolio-item\/le-monde-2\/#breadcrumb\",\"itemListElement\":[{\"@type\":\"ListItem\",\"position\":1,\"name\":\"Home\",\"item\":\"https:\/\/myfood.eu\/de\/\"},{\"@type\":\"ListItem\",\"position\":2,\"name\":\"Le Monde\"}]},{\"@type\":\"WebSite\",\"@id\":\"https:\/\/myfood.eu\/de\/#website\",\"url\":\"https:\/\/myfood.eu\/de\/\",\"name\":\"myfood - Serre innovante et Permaculture\",\"description\":\"Se reconnecter \u00e0 son alimentation\",\"potentialAction\":[{\"@type\":\"SearchAction\",\"target\":{\"@type\":\"EntryPoint\",\"urlTemplate\":\"https:\/\/myfood.eu\/de\/?s={search_term_string}\"},\"query-input\":{\"@type\":\"PropertyValueSpecification\",\"valueRequired\":true,\"valueName\":\"search_term_string\"}}],\"inLanguage\":\"de\"}]}<\/script>\n<!-- \/ Yoast SEO plugin. -->","yoast_head_json":{"title":"Le Monde - myfood - Serre innovante et Permaculture","robots":{"index":"index","follow":"follow","max-snippet":"max-snippet:-1","max-image-preview":"max-image-preview:large","max-video-preview":"max-video-preview:-1"},"canonical":"https:\/\/myfood.eu\/de\/portfolio-item\/le-monde-2\/","og_locale":"de_DE","og_type":"article","og_title":"Le Monde - myfood - Serre innovante et Permaculture","og_description":"http:\/\/www.lemonde.fr\/planete\/article\/2017\/03\/02\/en-direct-decouvrez-l-aquaponie-au-salon-de-l-agriculture_5088140_3244.html","og_url":"https:\/\/myfood.eu\/de\/portfolio-item\/le-monde-2\/","og_site_name":"myfood - Serre innovante et Permaculture","article_modified_time":"2025-04-02T09:32:22+00:00","og_image":[{"width":150,"height":150,"url":"https:\/\/myfood.eu\/wp-content\/uploads\/2025\/04\/logoLeMonde-150x150-1.jpg","type":"image\/jpeg"}],"twitter_card":"summary_large_image","schema":{"@context":"https:\/\/schema.org","@graph":[{"@type":"WebPage","@id":"https:\/\/myfood.eu\/de\/portfolio-item\/le-monde-2\/","url":"https:\/\/myfood.eu\/de\/portfolio-item\/le-monde-2\/","name":"Le Monde - myfood - Serre innovante et Permaculture","isPartOf":{"@id":"https:\/\/myfood.eu\/de\/#website"},"primaryImageOfPage":{"@id":"https:\/\/myfood.eu\/de\/portfolio-item\/le-monde-2\/#primaryimage"},"image":{"@id":"https:\/\/myfood.eu\/de\/portfolio-item\/le-monde-2\/#primaryimage"},"thumbnailUrl":"\/wp-content\/uploads\/2025\/04\/logoLeMonde-150x150-1.jpg","datePublished":"2018-03-21T09:26:00+00:00","dateModified":"2025-04-02T09:32:22+00:00","breadcrumb":{"@id":"https:\/\/myfood.eu\/de\/portfolio-item\/le-monde-2\/#breadcrumb"},"inLanguage":"de","potentialAction":[{"@type":"ReadAction","target":["https:\/\/myfood.eu\/de\/portfolio-item\/le-monde-2\/"]}]},{"@type":"ImageObject","inLanguage":"de","@id":"https:\/\/myfood.eu\/de\/portfolio-item\/le-monde-2\/#primaryimage","url":"\/wp-content\/uploads\/2025\/04\/logoLeMonde-150x150-1.jpg","contentUrl":"\/wp-content\/uploads\/2025\/04\/logoLeMonde-150x150-1.jpg","width":150,"height":150},{"@type":"BreadcrumbList","@id":"https:\/\/myfood.eu\/de\/portfolio-item\/le-monde-2\/#breadcrumb","itemListElement":[{"@type":"ListItem","position":1,"name":"Home","item":"https:\/\/myfood.eu\/de\/"},{"@type":"ListItem","position":2,"name":"Le Monde"}]},{"@type":"WebSite","@id":"https:\/\/myfood.eu\/de\/#website","url":"https:\/\/myfood.eu\/de\/","name":"myfood - Serre innovante et Permaculture","description":"Se reconnecter \u00e0 son alimentation","potentialAction":[{"@type":"SearchAction","target":{"@type":"EntryPoint","urlTemplate":"https:\/\/myfood.eu\/de\/?s={search_term_string}"},"query-input":{"@type":"PropertyValueSpecification","valueRequired":true,"valueName":"search_term_string"}}],"inLanguage":"de"}]}},"_links":{"self":[{"href":"https:\/\/myfood.eu\/de\/wp-json\/wp\/v2\/portfolio\/1116486","targetHints":{"allow":["GET"]}}],"collection":[{"href":"https:\/\/myfood.eu\/de\/wp-json\/wp\/v2\/portfolio"}],"about":[{"href":"https:\/\/myfood.eu\/de\/wp-json\/wp\/v2\/types\/portfolio"}],"author":[{"embeddable":true,"href":"https:\/\/myfood.eu\/de\/wp-json\/wp\/v2\/users\/1"}],"replies":[{"embeddable":true,"href":"https:\/\/myfood.eu\/de\/wp-json\/wp\/v2\/comments?post=1116486"}],"wp:featuredmedia":[{"embeddable":true,"href":"https:\/\/myfood.eu\/de\/wp-json\/wp\/v2\/media\/1116465"}],"wp:attachment":[{"href":"https:\/\/myfood.eu\/de\/wp-json\/wp\/v2\/media?parent=1116486"}],"wp:term":[{"taxonomy":"portfolio-types","embeddable":true,"href":"https:\/\/myfood.eu\/de\/wp-json\/wp\/v2\/portfolio-types?post=1116486"}],"curies":[{"name":"wp","href":"https:\/\/api.w.org\/{rel}","templated":true}]}}

<p>Was ist Aquaponik? Wir sind seit dem Salon de l&#8217;Agriculture an der Porte de Versaille in Paris live dabei, um Ihnen diese Technik vorzustellen, die die Pflanzenzucht in Symbiose mit der Fischzucht kombiniert. In Form eines Gewächshauses, das Sie in Ihrem Garten aufstellen können, oder einer Schale, die Sie auf Ihrem Balkon installieren können, können Sie die Kits ganz einfach zu Hause in Betrieb nehmen, egal ob Sie auf dem Land oder in der Stadt wohnen.  </p>

<!-- This site is optimized with the Yoast SEO plugin v24.7 - https://yoast.com/wordpress/plugins/seo/ -->
<title>Le Monde - myfood - Serre innovante et Permaculture</title>
<meta name="robots" content="index, follow, max-snippet:-1, max-image-preview:large, max-video-preview:-1" />
<link rel="canonical" href="https://myfood.eu/de/portfolio-item/le-monde-2/" />
<meta property="og:locale" content="de_DE" />
<meta property="og:type" content="article" />
<meta property="og:title" content="Le Monde - myfood - Serre innovante et Permaculture" />
<meta property="og:description" content="http://www.lemonde.fr/planete/article/2017/03/02/en-direct-decouvrez-l-aquaponie-au-salon-de-l-agriculture_5088140_3244.html" />
<meta property="og:url" content="https://myfood.eu/de/portfolio-item/le-monde-2/" />
<meta property="og:site_name" content="myfood - Serre innovante et Permaculture" />
<meta property="article:modified_time" content="2025-04-02T09:32:22+00:00" />
<meta property="og:image" content="https://myfood.eu/wp-content/uploads/2025/04/logoLeMonde-150x150-1.jpg" />
	<meta property="og:image:width" content="150" />
	<meta property="og:image:height" content="150" />
	<meta property="og:image:type" content="image/jpeg" />
<meta name="twitter:card" content="summary_large_image" />
<script type="application/ld+json" class="yoast-schema-graph">{"@context":"https://schema.org","@graph":[{"@type":"WebPage","@id":"https://myfood.eu/de/portfolio-item/le-monde-2/","url":"https://myfood.eu/de/portfolio-item/le-monde-2/","name":"Le Monde - myfood - Serre innovante et Permaculture","isPartOf":{"@id":"https://myfood.eu/de/#website"},"primaryImageOfPage":{"@id":"https://myfood.eu/de/portfolio-item/le-monde-2/#primaryimage"},"image":{"@id":"https://myfood.eu/de/portfolio-item/le-monde-2/#primaryimage"},"thumbnailUrl":"/wp-content/uploads/2025/04/logoLeMonde-150x150-1.jpg","datePublished":"2018-03-21T09:26:00+00:00","dateModified":"2025-04-02T09:32:22+00:00","breadcrumb":{"@id":"https://myfood.eu/de/portfolio-item/le-monde-2/#breadcrumb"},"inLanguage":"de","potentialAction":[{"@type":"ReadAction","target":["https://myfood.eu/de/portfolio-item/le-monde-2/"]}]},{"@type":"ImageObject","inLanguage":"de","@id":"https://myfood.eu/de/portfolio-item/le-monde-2/#primaryimage","url":"/wp-content/uploads/2025/04/logoLeMonde-150x150-1.jpg","contentUrl":"/wp-content/uploads/2025/04/logoLeMonde-150x150-1.jpg","width":150,"height":150},{"@type":"BreadcrumbList","@id":"https://myfood.eu/de/portfolio-item/le-monde-2/#breadcrumb","itemListElement":[{"@type":"ListItem","position":1,"name":"Home","item":"https://myfood.eu/de/"},{"@type":"ListItem","position":2,"name":"Le Monde"}]},{"@type":"WebSite","@id":"https://myfood.eu/de/#website","url":"https://myfood.eu/de/","name":"myfood - Serre innovante et Permaculture","description":"Se reconnecter à son alimentation","potentialAction":[{"@type":"SearchAction","target":{"@type":"EntryPoint","urlTemplate":"https://myfood.eu/de/?s={search_term_string}"},"query-input":{"@type":"PropertyValueSpecification","valueRequired":true,"valueName":"search_term_string"}}],"inLanguage":"de"}]}</script>
<!-- / Yoast SEO plugin. -->

Se reconnecter à son alimentation
