{"id":1116504,"date":"2018-04-05T10:23:00","date_gmt":"2018-04-05T09:23:00","guid":{"rendered":"https:\/\/myfood.eu\/portfolio-item\/mr-mondialisation\/"},"modified":"2025-04-02T10:48:15","modified_gmt":"2025-04-02T09:48:15","slug":"mr-mondialisation","status":"publish","type":"portfolio","link":"https:\/\/myfood.eu\/de\/portfolio-item\/mr-mondialisation\/","title":{"rendered":"Mr. Mondialisation"},"content":{"rendered":"\n<p>In einer Zeit der \u00f6kologischen Stagnation, in der wir feststecken, bl\u00fchen auf beiden Seiten der Territorien B\u00fcrgerinitiativen im Kampf gegen die globale Erw\u00e4rmung auf. Dies ist der Fall von Myfood, einem jungen franz\u00f6sischen Spross. <\/p>\n","protected":false},"excerpt":{"rendered":"<p>https:\/\/mrmondialisation.org\/myfood-20-minutes-par-jour-pour-400-kg-de-legumes\/<\/p>\n","protected":false},"author":1,"featured_media":1116456,"menu_order":0,"comment_status":"open","ping_status":"closed","template":"","meta":[],"portfolio-types":[291],"class_list":["post-1116504","portfolio","type-portfolio","status-publish","has-post-thumbnail","hentry","portfolio-types-web-de"],"yoast_head":"<!-- This site is optimized with the Yoast SEO plugin v24.7 - https:\/\/yoast.com\/wordpress\/plugins\/seo\/ -->\n<title>Mr. Mondialisation - myfood - Serre innovante et Permaculture<\/title>\n<meta name=\"robots\" content=\"index, follow, max-snippet:-1, max-image-preview:large, max-video-preview:-1\" \/>\n<link rel=\"canonical\" href=\"https:\/\/myfood.eu\/de\/portfolio-item\/mr-mondialisation\/\" \/>\n<meta property=\"og:locale\" content=\"de_DE\" \/>\n<meta property=\"og:type\" content=\"article\" \/>\n<meta property=\"og:title\" content=\"Mr. Mondialisation - myfood - Serre innovante et Permaculture\" \/>\n<meta property=\"og:description\" content=\"https:\/\/mrmondialisation.org\/myfood-20-minutes-par-jour-pour-400-kg-de-legumes\/\" \/>\n<meta property=\"og:url\" content=\"https:\/\/myfood.eu\/de\/portfolio-item\/mr-mondialisation\/\" \/>\n<meta property=\"og:site_name\" content=\"myfood - Serre innovante et Permaculture\" \/>\n<meta property=\"article:modified_time\" content=\"2025-04-02T09:48:15+00:00\" \/>\n<meta property=\"og:image\" content=\"https:\/\/myfood.eu\/wp-content\/uploads\/2025\/04\/logoladira-150x150-1.jpg\" \/>\n\t<meta property=\"og:image:width\" content=\"150\" \/>\n\t<meta property=\"og:image:height\" content=\"150\" \/>\n\t<meta property=\"og:image:type\" content=\"image\/jpeg\" \/>\n<meta name=\"twitter:card\" content=\"summary_large_image\" \/>\n<script type=\"application\/ld+json\" class=\"yoast-schema-graph\">{\"@context\":\"https:\/\/schema.org\",\"@graph\":[{\"@type\":\"WebPage\",\"@id\":\"https:\/\/myfood.eu\/de\/portfolio-item\/mr-mondialisation\/\",\"url\":\"https:\/\/myfood.eu\/de\/portfolio-item\/mr-mondialisation\/\",\"name\":\"Mr. Mondialisation - myfood - Serre innovante et Permaculture\",\"isPartOf\":{\"@id\":\"https:\/\/myfood.eu\/de\/#website\"},\"primaryImageOfPage\":{\"@id\":\"https:\/\/myfood.eu\/de\/portfolio-item\/mr-mondialisation\/#primaryimage\"},\"image\":{\"@id\":\"https:\/\/myfood.eu\/de\/portfolio-item\/mr-mondialisation\/#primaryimage\"},\"thumbnailUrl\":\"\/wp-content\/uploads\/2025\/04\/logoladira-150x150-1.jpg\",\"datePublished\":\"2018-04-05T09:23:00+00:00\",\"dateModified\":\"2025-04-02T09:48:15+00:00\",\"breadcrumb\":{\"@id\":\"https:\/\/myfood.eu\/de\/portfolio-item\/mr-mondialisation\/#breadcrumb\"},\"inLanguage\":\"de\",\"potentialAction\":[{\"@type\":\"ReadAction\",\"target\":[\"https:\/\/myfood.eu\/de\/portfolio-item\/mr-mondialisation\/\"]}]},{\"@type\":\"ImageObject\",\"inLanguage\":\"de\",\"@id\":\"https:\/\/myfood.eu\/de\/portfolio-item\/mr-mondialisation\/#primaryimage\",\"url\":\"\/wp-content\/uploads\/2025\/04\/logoladira-150x150-1.jpg\",\"contentUrl\":\"\/wp-content\/uploads\/2025\/04\/logoladira-150x150-1.jpg\",\"width\":150,\"height\":150},{\"@type\":\"BreadcrumbList\",\"@id\":\"https:\/\/myfood.eu\/de\/portfolio-item\/mr-mondialisation\/#breadcrumb\",\"itemListElement\":[{\"@type\":\"ListItem\",\"position\":1,\"name\":\"Home\",\"item\":\"https:\/\/myfood.eu\/de\/\"},{\"@type\":\"ListItem\",\"position\":2,\"name\":\"Mr. Mondialisation\"}]},{\"@type\":\"WebSite\",\"@id\":\"https:\/\/myfood.eu\/de\/#website\",\"url\":\"https:\/\/myfood.eu\/de\/\",\"name\":\"myfood - Serre innovante et Permaculture\",\"description\":\"Se reconnecter \u00e0 son alimentation\",\"potentialAction\":[{\"@type\":\"SearchAction\",\"target\":{\"@type\":\"EntryPoint\",\"urlTemplate\":\"https:\/\/myfood.eu\/de\/?s={search_term_string}\"},\"query-input\":{\"@type\":\"PropertyValueSpecification\",\"valueRequired\":true,\"valueName\":\"search_term_string\"}}],\"inLanguage\":\"de\"}]}<\/script>\n<!-- \/ Yoast SEO plugin. -->","yoast_head_json":{"title":"Mr. Mondialisation - myfood - Serre innovante et Permaculture","robots":{"index":"index","follow":"follow","max-snippet":"max-snippet:-1","max-image-preview":"max-image-preview:large","max-video-preview":"max-video-preview:-1"},"canonical":"https:\/\/myfood.eu\/de\/portfolio-item\/mr-mondialisation\/","og_locale":"de_DE","og_type":"article","og_title":"Mr. Mondialisation - myfood - Serre innovante et Permaculture","og_description":"https:\/\/mrmondialisation.org\/myfood-20-minutes-par-jour-pour-400-kg-de-legumes\/","og_url":"https:\/\/myfood.eu\/de\/portfolio-item\/mr-mondialisation\/","og_site_name":"myfood - Serre innovante et Permaculture","article_modified_time":"2025-04-02T09:48:15+00:00","og_image":[{"width":150,"height":150,"url":"https:\/\/myfood.eu\/wp-content\/uploads\/2025\/04\/logoladira-150x150-1.jpg","type":"image\/jpeg"}],"twitter_card":"summary_large_image","schema":{"@context":"https:\/\/schema.org","@graph":[{"@type":"WebPage","@id":"https:\/\/myfood.eu\/de\/portfolio-item\/mr-mondialisation\/","url":"https:\/\/myfood.eu\/de\/portfolio-item\/mr-mondialisation\/","name":"Mr. Mondialisation - myfood - Serre innovante et Permaculture","isPartOf":{"@id":"https:\/\/myfood.eu\/de\/#website"},"primaryImageOfPage":{"@id":"https:\/\/myfood.eu\/de\/portfolio-item\/mr-mondialisation\/#primaryimage"},"image":{"@id":"https:\/\/myfood.eu\/de\/portfolio-item\/mr-mondialisation\/#primaryimage"},"thumbnailUrl":"\/wp-content\/uploads\/2025\/04\/logoladira-150x150-1.jpg","datePublished":"2018-04-05T09:23:00+00:00","dateModified":"2025-04-02T09:48:15+00:00","breadcrumb":{"@id":"https:\/\/myfood.eu\/de\/portfolio-item\/mr-mondialisation\/#breadcrumb"},"inLanguage":"de","potentialAction":[{"@type":"ReadAction","target":["https:\/\/myfood.eu\/de\/portfolio-item\/mr-mondialisation\/"]}]},{"@type":"ImageObject","inLanguage":"de","@id":"https:\/\/myfood.eu\/de\/portfolio-item\/mr-mondialisation\/#primaryimage","url":"\/wp-content\/uploads\/2025\/04\/logoladira-150x150-1.jpg","contentUrl":"\/wp-content\/uploads\/2025\/04\/logoladira-150x150-1.jpg","width":150,"height":150},{"@type":"BreadcrumbList","@id":"https:\/\/myfood.eu\/de\/portfolio-item\/mr-mondialisation\/#breadcrumb","itemListElement":[{"@type":"ListItem","position":1,"name":"Home","item":"https:\/\/myfood.eu\/de\/"},{"@type":"ListItem","position":2,"name":"Mr. Mondialisation"}]},{"@type":"WebSite","@id":"https:\/\/myfood.eu\/de\/#website","url":"https:\/\/myfood.eu\/de\/","name":"myfood - Serre innovante et Permaculture","description":"Se reconnecter \u00e0 son alimentation","potentialAction":[{"@type":"SearchAction","target":{"@type":"EntryPoint","urlTemplate":"https:\/\/myfood.eu\/de\/?s={search_term_string}"},"query-input":{"@type":"PropertyValueSpecification","valueRequired":true,"valueName":"search_term_string"}}],"inLanguage":"de"}]}},"_links":{"self":[{"href":"https:\/\/myfood.eu\/de\/wp-json\/wp\/v2\/portfolio\/1116504","targetHints":{"allow":["GET"]}}],"collection":[{"href":"https:\/\/myfood.eu\/de\/wp-json\/wp\/v2\/portfolio"}],"about":[{"href":"https:\/\/myfood.eu\/de\/wp-json\/wp\/v2\/types\/portfolio"}],"author":[{"embeddable":true,"href":"https:\/\/myfood.eu\/de\/wp-json\/wp\/v2\/users\/1"}],"replies":[{"embeddable":true,"href":"https:\/\/myfood.eu\/de\/wp-json\/wp\/v2\/comments?post=1116504"}],"wp:featuredmedia":[{"embeddable":true,"href":"https:\/\/myfood.eu\/de\/wp-json\/wp\/v2\/media\/1116456"}],"wp:attachment":[{"href":"https:\/\/myfood.eu\/de\/wp-json\/wp\/v2\/media?parent=1116504"}],"wp:term":[{"taxonomy":"portfolio-types","embeddable":true,"href":"https:\/\/myfood.eu\/de\/wp-json\/wp\/v2\/portfolio-types?post=1116504"}],"curies":[{"name":"wp","href":"https:\/\/api.w.org\/{rel}","templated":true}]}}

<p>In einer Zeit der ökologischen Stagnation, in der wir feststecken, blühen auf beiden Seiten der Territorien Bürgerinitiativen im Kampf gegen die globale Erwärmung auf. Dies ist der Fall von Myfood, einem jungen französischen Spross. </p>

<!-- This site is optimized with the Yoast SEO plugin v24.7 - https://yoast.com/wordpress/plugins/seo/ -->
<title>Mr. Mondialisation - myfood - Serre innovante et Permaculture</title>
<meta name="robots" content="index, follow, max-snippet:-1, max-image-preview:large, max-video-preview:-1" />
<link rel="canonical" href="https://myfood.eu/de/portfolio-item/mr-mondialisation/" />
<meta property="og:locale" content="de_DE" />
<meta property="og:type" content="article" />
<meta property="og:title" content="Mr. Mondialisation - myfood - Serre innovante et Permaculture" />
<meta property="og:description" content="https://mrmondialisation.org/myfood-20-minutes-par-jour-pour-400-kg-de-legumes/" />
<meta property="og:url" content="https://myfood.eu/de/portfolio-item/mr-mondialisation/" />
<meta property="og:site_name" content="myfood - Serre innovante et Permaculture" />
<meta property="article:modified_time" content="2025-04-02T09:48:15+00:00" />
<meta property="og:image" content="https://myfood.eu/wp-content/uploads/2025/04/logoladira-150x150-1.jpg" />
	<meta property="og:image:width" content="150" />
	<meta property="og:image:height" content="150" />
	<meta property="og:image:type" content="image/jpeg" />
<meta name="twitter:card" content="summary_large_image" />
<script type="application/ld+json" class="yoast-schema-graph">{"@context":"https://schema.org","@graph":[{"@type":"WebPage","@id":"https://myfood.eu/de/portfolio-item/mr-mondialisation/","url":"https://myfood.eu/de/portfolio-item/mr-mondialisation/","name":"Mr. Mondialisation - myfood - Serre innovante et Permaculture","isPartOf":{"@id":"https://myfood.eu/de/#website"},"primaryImageOfPage":{"@id":"https://myfood.eu/de/portfolio-item/mr-mondialisation/#primaryimage"},"image":{"@id":"https://myfood.eu/de/portfolio-item/mr-mondialisation/#primaryimage"},"thumbnailUrl":"/wp-content/uploads/2025/04/logoladira-150x150-1.jpg","datePublished":"2018-04-05T09:23:00+00:00","dateModified":"2025-04-02T09:48:15+00:00","breadcrumb":{"@id":"https://myfood.eu/de/portfolio-item/mr-mondialisation/#breadcrumb"},"inLanguage":"de","potentialAction":[{"@type":"ReadAction","target":["https://myfood.eu/de/portfolio-item/mr-mondialisation/"]}]},{"@type":"ImageObject","inLanguage":"de","@id":"https://myfood.eu/de/portfolio-item/mr-mondialisation/#primaryimage","url":"/wp-content/uploads/2025/04/logoladira-150x150-1.jpg","contentUrl":"/wp-content/uploads/2025/04/logoladira-150x150-1.jpg","width":150,"height":150},{"@type":"BreadcrumbList","@id":"https://myfood.eu/de/portfolio-item/mr-mondialisation/#breadcrumb","itemListElement":[{"@type":"ListItem","position":1,"name":"Home","item":"https://myfood.eu/de/"},{"@type":"ListItem","position":2,"name":"Mr. Mondialisation"}]},{"@type":"WebSite","@id":"https://myfood.eu/de/#website","url":"https://myfood.eu/de/","name":"myfood - Serre innovante et Permaculture","description":"Se reconnecter à son alimentation","potentialAction":[{"@type":"SearchAction","target":{"@type":"EntryPoint","urlTemplate":"https://myfood.eu/de/?s={search_term_string}"},"query-input":{"@type":"PropertyValueSpecification","valueRequired":true,"valueName":"search_term_string"}}],"inLanguage":"de"}]}</script>
<!-- / Yoast SEO plugin. -->

Se reconnecter à son alimentation
