{"id":1116506,"date":"2018-04-05T10:24:00","date_gmt":"2018-04-05T09:24:00","guid":{"rendered":"https:\/\/myfood.eu\/portfolio-item\/18h39-fr\/"},"modified":"2025-04-02T10:49:32","modified_gmt":"2025-04-02T09:49:32","slug":"18h39-fr","status":"publish","type":"portfolio","link":"https:\/\/myfood.eu\/de\/portfolio-item\/18h39-fr\/","title":{"rendered":"18h39.fr"},"content":{"rendered":"\n<p>Und wenn die Revolution in Ihrem Garten beginnen w\u00fcrde? &#8221; Diese Frage stellt Matthieu Urban, einer der drei Mitbegr\u00fcnder von Myfood, in der Videopr\u00e4sentation dieses Projekts. Dieses intelligente Gew\u00e4chshaus soll es dem Einzelnen erm\u00f6glichen, auf einfache Weise sein eigenes Gem\u00fcse anzubauen und sich so vielleicht selbst mit Lebensmitteln zu versorgen.  <\/p>\n","protected":false},"excerpt":{"rendered":"<p>https:\/\/www.18h39.fr\/articles\/et-si-vous-atteigniez-l-autonomie-alimentaire-chez-vous-grace-a-cette-serre-connectee.html<\/p>\n","protected":false},"author":1,"featured_media":1116461,"menu_order":0,"comment_status":"open","ping_status":"closed","template":"","meta":[],"portfolio-types":[291],"class_list":["post-1116506","portfolio","type-portfolio","status-publish","has-post-thumbnail","hentry","portfolio-types-web-de"],"yoast_head":"<!-- This site is optimized with the Yoast SEO plugin v24.7 - https:\/\/yoast.com\/wordpress\/plugins\/seo\/ -->\n<title>18h39.fr - myfood - Serre innovante et Permaculture<\/title>\n<meta name=\"robots\" content=\"index, follow, max-snippet:-1, max-image-preview:large, max-video-preview:-1\" \/>\n<link rel=\"canonical\" href=\"https:\/\/myfood.eu\/de\/portfolio-item\/18h39-fr\/\" \/>\n<meta property=\"og:locale\" content=\"de_DE\" \/>\n<meta property=\"og:type\" content=\"article\" \/>\n<meta property=\"og:title\" content=\"18h39.fr - myfood - Serre innovante et Permaculture\" \/>\n<meta property=\"og:description\" content=\"https:\/\/www.18h39.fr\/articles\/et-si-vous-atteigniez-l-autonomie-alimentaire-chez-vous-grace-a-cette-serre-connectee.html\" \/>\n<meta property=\"og:url\" content=\"https:\/\/myfood.eu\/de\/portfolio-item\/18h39-fr\/\" \/>\n<meta property=\"og:site_name\" content=\"myfood - Serre innovante et Permaculture\" \/>\n<meta property=\"article:modified_time\" content=\"2025-04-02T09:49:32+00:00\" \/>\n<meta property=\"og:image\" content=\"https:\/\/myfood.eu\/wp-content\/uploads\/2025\/04\/logo18h39-150x150-1.jpg\" \/>\n\t<meta property=\"og:image:width\" content=\"150\" \/>\n\t<meta property=\"og:image:height\" content=\"150\" \/>\n\t<meta property=\"og:image:type\" content=\"image\/jpeg\" \/>\n<meta name=\"twitter:card\" content=\"summary_large_image\" \/>\n<script type=\"application\/ld+json\" class=\"yoast-schema-graph\">{\"@context\":\"https:\/\/schema.org\",\"@graph\":[{\"@type\":\"WebPage\",\"@id\":\"https:\/\/myfood.eu\/de\/portfolio-item\/18h39-fr\/\",\"url\":\"https:\/\/myfood.eu\/de\/portfolio-item\/18h39-fr\/\",\"name\":\"18h39.fr - myfood - Serre innovante et Permaculture\",\"isPartOf\":{\"@id\":\"https:\/\/myfood.eu\/de\/#website\"},\"primaryImageOfPage\":{\"@id\":\"https:\/\/myfood.eu\/de\/portfolio-item\/18h39-fr\/#primaryimage\"},\"image\":{\"@id\":\"https:\/\/myfood.eu\/de\/portfolio-item\/18h39-fr\/#primaryimage\"},\"thumbnailUrl\":\"\/wp-content\/uploads\/2025\/04\/logo18h39-150x150-1.jpg\",\"datePublished\":\"2018-04-05T09:24:00+00:00\",\"dateModified\":\"2025-04-02T09:49:32+00:00\",\"breadcrumb\":{\"@id\":\"https:\/\/myfood.eu\/de\/portfolio-item\/18h39-fr\/#breadcrumb\"},\"inLanguage\":\"de\",\"potentialAction\":[{\"@type\":\"ReadAction\",\"target\":[\"https:\/\/myfood.eu\/de\/portfolio-item\/18h39-fr\/\"]}]},{\"@type\":\"ImageObject\",\"inLanguage\":\"de\",\"@id\":\"https:\/\/myfood.eu\/de\/portfolio-item\/18h39-fr\/#primaryimage\",\"url\":\"\/wp-content\/uploads\/2025\/04\/logo18h39-150x150-1.jpg\",\"contentUrl\":\"\/wp-content\/uploads\/2025\/04\/logo18h39-150x150-1.jpg\",\"width\":150,\"height\":150},{\"@type\":\"BreadcrumbList\",\"@id\":\"https:\/\/myfood.eu\/de\/portfolio-item\/18h39-fr\/#breadcrumb\",\"itemListElement\":[{\"@type\":\"ListItem\",\"position\":1,\"name\":\"Home\",\"item\":\"https:\/\/myfood.eu\/de\/\"},{\"@type\":\"ListItem\",\"position\":2,\"name\":\"18h39.fr\"}]},{\"@type\":\"WebSite\",\"@id\":\"https:\/\/myfood.eu\/de\/#website\",\"url\":\"https:\/\/myfood.eu\/de\/\",\"name\":\"myfood - Serre innovante et Permaculture\",\"description\":\"Se reconnecter \u00e0 son alimentation\",\"potentialAction\":[{\"@type\":\"SearchAction\",\"target\":{\"@type\":\"EntryPoint\",\"urlTemplate\":\"https:\/\/myfood.eu\/de\/?s={search_term_string}\"},\"query-input\":{\"@type\":\"PropertyValueSpecification\",\"valueRequired\":true,\"valueName\":\"search_term_string\"}}],\"inLanguage\":\"de\"}]}<\/script>\n<!-- \/ Yoast SEO plugin. -->","yoast_head_json":{"title":"18h39.fr - myfood - Serre innovante et Permaculture","robots":{"index":"index","follow":"follow","max-snippet":"max-snippet:-1","max-image-preview":"max-image-preview:large","max-video-preview":"max-video-preview:-1"},"canonical":"https:\/\/myfood.eu\/de\/portfolio-item\/18h39-fr\/","og_locale":"de_DE","og_type":"article","og_title":"18h39.fr - myfood - Serre innovante et Permaculture","og_description":"https:\/\/www.18h39.fr\/articles\/et-si-vous-atteigniez-l-autonomie-alimentaire-chez-vous-grace-a-cette-serre-connectee.html","og_url":"https:\/\/myfood.eu\/de\/portfolio-item\/18h39-fr\/","og_site_name":"myfood - Serre innovante et Permaculture","article_modified_time":"2025-04-02T09:49:32+00:00","og_image":[{"width":150,"height":150,"url":"https:\/\/myfood.eu\/wp-content\/uploads\/2025\/04\/logo18h39-150x150-1.jpg","type":"image\/jpeg"}],"twitter_card":"summary_large_image","schema":{"@context":"https:\/\/schema.org","@graph":[{"@type":"WebPage","@id":"https:\/\/myfood.eu\/de\/portfolio-item\/18h39-fr\/","url":"https:\/\/myfood.eu\/de\/portfolio-item\/18h39-fr\/","name":"18h39.fr - myfood - Serre innovante et Permaculture","isPartOf":{"@id":"https:\/\/myfood.eu\/de\/#website"},"primaryImageOfPage":{"@id":"https:\/\/myfood.eu\/de\/portfolio-item\/18h39-fr\/#primaryimage"},"image":{"@id":"https:\/\/myfood.eu\/de\/portfolio-item\/18h39-fr\/#primaryimage"},"thumbnailUrl":"\/wp-content\/uploads\/2025\/04\/logo18h39-150x150-1.jpg","datePublished":"2018-04-05T09:24:00+00:00","dateModified":"2025-04-02T09:49:32+00:00","breadcrumb":{"@id":"https:\/\/myfood.eu\/de\/portfolio-item\/18h39-fr\/#breadcrumb"},"inLanguage":"de","potentialAction":[{"@type":"ReadAction","target":["https:\/\/myfood.eu\/de\/portfolio-item\/18h39-fr\/"]}]},{"@type":"ImageObject","inLanguage":"de","@id":"https:\/\/myfood.eu\/de\/portfolio-item\/18h39-fr\/#primaryimage","url":"\/wp-content\/uploads\/2025\/04\/logo18h39-150x150-1.jpg","contentUrl":"\/wp-content\/uploads\/2025\/04\/logo18h39-150x150-1.jpg","width":150,"height":150},{"@type":"BreadcrumbList","@id":"https:\/\/myfood.eu\/de\/portfolio-item\/18h39-fr\/#breadcrumb","itemListElement":[{"@type":"ListItem","position":1,"name":"Home","item":"https:\/\/myfood.eu\/de\/"},{"@type":"ListItem","position":2,"name":"18h39.fr"}]},{"@type":"WebSite","@id":"https:\/\/myfood.eu\/de\/#website","url":"https:\/\/myfood.eu\/de\/","name":"myfood - Serre innovante et Permaculture","description":"Se reconnecter \u00e0 son alimentation","potentialAction":[{"@type":"SearchAction","target":{"@type":"EntryPoint","urlTemplate":"https:\/\/myfood.eu\/de\/?s={search_term_string}"},"query-input":{"@type":"PropertyValueSpecification","valueRequired":true,"valueName":"search_term_string"}}],"inLanguage":"de"}]}},"_links":{"self":[{"href":"https:\/\/myfood.eu\/de\/wp-json\/wp\/v2\/portfolio\/1116506","targetHints":{"allow":["GET"]}}],"collection":[{"href":"https:\/\/myfood.eu\/de\/wp-json\/wp\/v2\/portfolio"}],"about":[{"href":"https:\/\/myfood.eu\/de\/wp-json\/wp\/v2\/types\/portfolio"}],"author":[{"embeddable":true,"href":"https:\/\/myfood.eu\/de\/wp-json\/wp\/v2\/users\/1"}],"replies":[{"embeddable":true,"href":"https:\/\/myfood.eu\/de\/wp-json\/wp\/v2\/comments?post=1116506"}],"wp:featuredmedia":[{"embeddable":true,"href":"https:\/\/myfood.eu\/de\/wp-json\/wp\/v2\/media\/1116461"}],"wp:attachment":[{"href":"https:\/\/myfood.eu\/de\/wp-json\/wp\/v2\/media?parent=1116506"}],"wp:term":[{"taxonomy":"portfolio-types","embeddable":true,"href":"https:\/\/myfood.eu\/de\/wp-json\/wp\/v2\/portfolio-types?post=1116506"}],"curies":[{"name":"wp","href":"https:\/\/api.w.org\/{rel}","templated":true}]}}

<p>Und wenn die Revolution in Ihrem Garten beginnen würde? &#8221; Diese Frage stellt Matthieu Urban, einer der drei Mitbegründer von Myfood, in der Videopräsentation dieses Projekts. Dieses intelligente Gewächshaus soll es dem Einzelnen ermöglichen, auf einfache Weise sein eigenes Gemüse anzubauen und sich so vielleicht selbst mit Lebensmitteln zu versorgen.  </p>

<!-- This site is optimized with the Yoast SEO plugin v24.7 - https://yoast.com/wordpress/plugins/seo/ -->
<title>18h39.fr - myfood - Serre innovante et Permaculture</title>
<meta name="robots" content="index, follow, max-snippet:-1, max-image-preview:large, max-video-preview:-1" />
<link rel="canonical" href="https://myfood.eu/de/portfolio-item/18h39-fr/" />
<meta property="og:locale" content="de_DE" />
<meta property="og:type" content="article" />
<meta property="og:title" content="18h39.fr - myfood - Serre innovante et Permaculture" />
<meta property="og:description" content="https://www.18h39.fr/articles/et-si-vous-atteigniez-l-autonomie-alimentaire-chez-vous-grace-a-cette-serre-connectee.html" />
<meta property="og:url" content="https://myfood.eu/de/portfolio-item/18h39-fr/" />
<meta property="og:site_name" content="myfood - Serre innovante et Permaculture" />
<meta property="article:modified_time" content="2025-04-02T09:49:32+00:00" />
<meta property="og:image" content="https://myfood.eu/wp-content/uploads/2025/04/logo18h39-150x150-1.jpg" />
	<meta property="og:image:width" content="150" />
	<meta property="og:image:height" content="150" />
	<meta property="og:image:type" content="image/jpeg" />
<meta name="twitter:card" content="summary_large_image" />
<script type="application/ld+json" class="yoast-schema-graph">{"@context":"https://schema.org","@graph":[{"@type":"WebPage","@id":"https://myfood.eu/de/portfolio-item/18h39-fr/","url":"https://myfood.eu/de/portfolio-item/18h39-fr/","name":"18h39.fr - myfood - Serre innovante et Permaculture","isPartOf":{"@id":"https://myfood.eu/de/#website"},"primaryImageOfPage":{"@id":"https://myfood.eu/de/portfolio-item/18h39-fr/#primaryimage"},"image":{"@id":"https://myfood.eu/de/portfolio-item/18h39-fr/#primaryimage"},"thumbnailUrl":"/wp-content/uploads/2025/04/logo18h39-150x150-1.jpg","datePublished":"2018-04-05T09:24:00+00:00","dateModified":"2025-04-02T09:49:32+00:00","breadcrumb":{"@id":"https://myfood.eu/de/portfolio-item/18h39-fr/#breadcrumb"},"inLanguage":"de","potentialAction":[{"@type":"ReadAction","target":["https://myfood.eu/de/portfolio-item/18h39-fr/"]}]},{"@type":"ImageObject","inLanguage":"de","@id":"https://myfood.eu/de/portfolio-item/18h39-fr/#primaryimage","url":"/wp-content/uploads/2025/04/logo18h39-150x150-1.jpg","contentUrl":"/wp-content/uploads/2025/04/logo18h39-150x150-1.jpg","width":150,"height":150},{"@type":"BreadcrumbList","@id":"https://myfood.eu/de/portfolio-item/18h39-fr/#breadcrumb","itemListElement":[{"@type":"ListItem","position":1,"name":"Home","item":"https://myfood.eu/de/"},{"@type":"ListItem","position":2,"name":"18h39.fr"}]},{"@type":"WebSite","@id":"https://myfood.eu/de/#website","url":"https://myfood.eu/de/","name":"myfood - Serre innovante et Permaculture","description":"Se reconnecter à son alimentation","potentialAction":[{"@type":"SearchAction","target":{"@type":"EntryPoint","urlTemplate":"https://myfood.eu/de/?s={search_term_string}"},"query-input":{"@type":"PropertyValueSpecification","valueRequired":true,"valueName":"search_term_string"}}],"inLanguage":"de"}]}</script>
<!-- / Yoast SEO plugin. -->

Se reconnecter à son alimentation
