{"id":1116536,"date":"2020-01-27T10:05:00","date_gmt":"2020-01-27T09:05:00","guid":{"rendered":"https:\/\/myfood.eu\/portfolio-item\/digitale-anwendungen\/"},"modified":"2025-04-02T10:55:41","modified_gmt":"2025-04-02T09:55:41","slug":"digitale-anwendungen","status":"publish","type":"portfolio","link":"https:\/\/myfood.eu\/de\/portfolio-item\/digitale-anwendungen\/","title":{"rendered":"Digitale Anwendungen"},"content":{"rendered":"\n<p>CO2-Emissionen, Pestizide und D\u00fcngemittel, Null Abfall &#8230; Die Konsumgewohnheiten haben sich in Bezug auf Lebensmittel stark ver\u00e4ndert. Die verantwortungsbewussten B\u00fcrger neigen mehr und mehr dazu, die lokale Produktion und die \u00d6kologie zu bevorzugen. Angesichts dieser Beobachtung hat das 2015 gegr\u00fcndete Stra\u00dfburger Start-up MyFood vernetzte Gew\u00e4chsh\u00e4user entwickelt, um die \u00dcbernahme dieses Kulturmodells zu erleichtern. &#8220;Die Menschen wollen genau wissen, was auf ihrem Teller liegt, und die Technologie kann das garantieren&#8221;, sagte Micka\u00ebl Gandecki, Pr\u00e4sident und Gr\u00fcnder, gegen\u00fcber L&#8217;Usine Digitale.   <\/p>\n\n<p><\/p>\n","protected":false},"excerpt":{"rendered":"<p>https:\/\/www.usine-digitale.fr\/article\/ces-2020-avec-sa-serre-connectee-myfood-encourage-une-culture-ecologique-et-autonome.N913059<\/p>\n","protected":false},"author":1,"featured_media":1116378,"menu_order":0,"comment_status":"open","ping_status":"closed","template":"","meta":[],"portfolio-types":[291],"class_list":["post-1116536","portfolio","type-portfolio","status-publish","has-post-thumbnail","hentry","portfolio-types-web-de"],"yoast_head":"<!-- This site is optimized with the Yoast SEO plugin v24.7 - https:\/\/yoast.com\/wordpress\/plugins\/seo\/ -->\n<title>Digitale Anwendungen - myfood - Serre innovante et Permaculture<\/title>\n<meta name=\"robots\" content=\"index, follow, max-snippet:-1, max-image-preview:large, max-video-preview:-1\" \/>\n<link rel=\"canonical\" href=\"https:\/\/myfood.eu\/de\/portfolio-item\/digitale-anwendungen\/\" \/>\n<meta property=\"og:locale\" content=\"de_DE\" \/>\n<meta property=\"og:type\" content=\"article\" \/>\n<meta property=\"og:title\" content=\"Digitale Anwendungen - myfood - Serre innovante et Permaculture\" \/>\n<meta property=\"og:description\" content=\"https:\/\/www.usine-digitale.fr\/article\/ces-2020-avec-sa-serre-connectee-myfood-encourage-une-culture-ecologique-et-autonome.N913059\" \/>\n<meta property=\"og:url\" content=\"https:\/\/myfood.eu\/de\/portfolio-item\/digitale-anwendungen\/\" \/>\n<meta property=\"og:site_name\" content=\"myfood - Serre innovante et Permaculture\" \/>\n<meta property=\"article:modified_time\" content=\"2025-04-02T09:55:41+00:00\" \/>\n<meta property=\"og:image\" content=\"https:\/\/myfood.eu\/wp-content\/uploads\/2025\/04\/logousinedigitale-150x150-1.jpg\" \/>\n\t<meta property=\"og:image:width\" content=\"150\" \/>\n\t<meta property=\"og:image:height\" content=\"150\" \/>\n\t<meta property=\"og:image:type\" content=\"image\/jpeg\" \/>\n<meta name=\"twitter:card\" content=\"summary_large_image\" \/>\n<script type=\"application\/ld+json\" class=\"yoast-schema-graph\">{\"@context\":\"https:\/\/schema.org\",\"@graph\":[{\"@type\":\"WebPage\",\"@id\":\"https:\/\/myfood.eu\/de\/portfolio-item\/digitale-anwendungen\/\",\"url\":\"https:\/\/myfood.eu\/de\/portfolio-item\/digitale-anwendungen\/\",\"name\":\"Digitale Anwendungen - myfood - Serre innovante et Permaculture\",\"isPartOf\":{\"@id\":\"https:\/\/myfood.eu\/de\/#website\"},\"primaryImageOfPage\":{\"@id\":\"https:\/\/myfood.eu\/de\/portfolio-item\/digitale-anwendungen\/#primaryimage\"},\"image\":{\"@id\":\"https:\/\/myfood.eu\/de\/portfolio-item\/digitale-anwendungen\/#primaryimage\"},\"thumbnailUrl\":\"\/wp-content\/uploads\/2025\/04\/logousinedigitale-150x150-1.jpg\",\"datePublished\":\"2020-01-27T09:05:00+00:00\",\"dateModified\":\"2025-04-02T09:55:41+00:00\",\"breadcrumb\":{\"@id\":\"https:\/\/myfood.eu\/de\/portfolio-item\/digitale-anwendungen\/#breadcrumb\"},\"inLanguage\":\"de\",\"potentialAction\":[{\"@type\":\"ReadAction\",\"target\":[\"https:\/\/myfood.eu\/de\/portfolio-item\/digitale-anwendungen\/\"]}]},{\"@type\":\"ImageObject\",\"inLanguage\":\"de\",\"@id\":\"https:\/\/myfood.eu\/de\/portfolio-item\/digitale-anwendungen\/#primaryimage\",\"url\":\"\/wp-content\/uploads\/2025\/04\/logousinedigitale-150x150-1.jpg\",\"contentUrl\":\"\/wp-content\/uploads\/2025\/04\/logousinedigitale-150x150-1.jpg\",\"width\":150,\"height\":150},{\"@type\":\"BreadcrumbList\",\"@id\":\"https:\/\/myfood.eu\/de\/portfolio-item\/digitale-anwendungen\/#breadcrumb\",\"itemListElement\":[{\"@type\":\"ListItem\",\"position\":1,\"name\":\"Home\",\"item\":\"https:\/\/myfood.eu\/de\/\"},{\"@type\":\"ListItem\",\"position\":2,\"name\":\"Digitale Anwendungen\"}]},{\"@type\":\"WebSite\",\"@id\":\"https:\/\/myfood.eu\/de\/#website\",\"url\":\"https:\/\/myfood.eu\/de\/\",\"name\":\"myfood - Serre innovante et Permaculture\",\"description\":\"Se reconnecter \u00e0 son alimentation\",\"potentialAction\":[{\"@type\":\"SearchAction\",\"target\":{\"@type\":\"EntryPoint\",\"urlTemplate\":\"https:\/\/myfood.eu\/de\/?s={search_term_string}\"},\"query-input\":{\"@type\":\"PropertyValueSpecification\",\"valueRequired\":true,\"valueName\":\"search_term_string\"}}],\"inLanguage\":\"de\"}]}<\/script>\n<!-- \/ Yoast SEO plugin. -->","yoast_head_json":{"title":"Digitale Anwendungen - myfood - Serre innovante et Permaculture","robots":{"index":"index","follow":"follow","max-snippet":"max-snippet:-1","max-image-preview":"max-image-preview:large","max-video-preview":"max-video-preview:-1"},"canonical":"https:\/\/myfood.eu\/de\/portfolio-item\/digitale-anwendungen\/","og_locale":"de_DE","og_type":"article","og_title":"Digitale Anwendungen - myfood - Serre innovante et Permaculture","og_description":"https:\/\/www.usine-digitale.fr\/article\/ces-2020-avec-sa-serre-connectee-myfood-encourage-une-culture-ecologique-et-autonome.N913059","og_url":"https:\/\/myfood.eu\/de\/portfolio-item\/digitale-anwendungen\/","og_site_name":"myfood - Serre innovante et Permaculture","article_modified_time":"2025-04-02T09:55:41+00:00","og_image":[{"width":150,"height":150,"url":"https:\/\/myfood.eu\/wp-content\/uploads\/2025\/04\/logousinedigitale-150x150-1.jpg","type":"image\/jpeg"}],"twitter_card":"summary_large_image","schema":{"@context":"https:\/\/schema.org","@graph":[{"@type":"WebPage","@id":"https:\/\/myfood.eu\/de\/portfolio-item\/digitale-anwendungen\/","url":"https:\/\/myfood.eu\/de\/portfolio-item\/digitale-anwendungen\/","name":"Digitale Anwendungen - myfood - Serre innovante et Permaculture","isPartOf":{"@id":"https:\/\/myfood.eu\/de\/#website"},"primaryImageOfPage":{"@id":"https:\/\/myfood.eu\/de\/portfolio-item\/digitale-anwendungen\/#primaryimage"},"image":{"@id":"https:\/\/myfood.eu\/de\/portfolio-item\/digitale-anwendungen\/#primaryimage"},"thumbnailUrl":"\/wp-content\/uploads\/2025\/04\/logousinedigitale-150x150-1.jpg","datePublished":"2020-01-27T09:05:00+00:00","dateModified":"2025-04-02T09:55:41+00:00","breadcrumb":{"@id":"https:\/\/myfood.eu\/de\/portfolio-item\/digitale-anwendungen\/#breadcrumb"},"inLanguage":"de","potentialAction":[{"@type":"ReadAction","target":["https:\/\/myfood.eu\/de\/portfolio-item\/digitale-anwendungen\/"]}]},{"@type":"ImageObject","inLanguage":"de","@id":"https:\/\/myfood.eu\/de\/portfolio-item\/digitale-anwendungen\/#primaryimage","url":"\/wp-content\/uploads\/2025\/04\/logousinedigitale-150x150-1.jpg","contentUrl":"\/wp-content\/uploads\/2025\/04\/logousinedigitale-150x150-1.jpg","width":150,"height":150},{"@type":"BreadcrumbList","@id":"https:\/\/myfood.eu\/de\/portfolio-item\/digitale-anwendungen\/#breadcrumb","itemListElement":[{"@type":"ListItem","position":1,"name":"Home","item":"https:\/\/myfood.eu\/de\/"},{"@type":"ListItem","position":2,"name":"Digitale Anwendungen"}]},{"@type":"WebSite","@id":"https:\/\/myfood.eu\/de\/#website","url":"https:\/\/myfood.eu\/de\/","name":"myfood - Serre innovante et Permaculture","description":"Se reconnecter \u00e0 son alimentation","potentialAction":[{"@type":"SearchAction","target":{"@type":"EntryPoint","urlTemplate":"https:\/\/myfood.eu\/de\/?s={search_term_string}"},"query-input":{"@type":"PropertyValueSpecification","valueRequired":true,"valueName":"search_term_string"}}],"inLanguage":"de"}]}},"_links":{"self":[{"href":"https:\/\/myfood.eu\/de\/wp-json\/wp\/v2\/portfolio\/1116536","targetHints":{"allow":["GET"]}}],"collection":[{"href":"https:\/\/myfood.eu\/de\/wp-json\/wp\/v2\/portfolio"}],"about":[{"href":"https:\/\/myfood.eu\/de\/wp-json\/wp\/v2\/types\/portfolio"}],"author":[{"embeddable":true,"href":"https:\/\/myfood.eu\/de\/wp-json\/wp\/v2\/users\/1"}],"replies":[{"embeddable":true,"href":"https:\/\/myfood.eu\/de\/wp-json\/wp\/v2\/comments?post=1116536"}],"wp:featuredmedia":[{"embeddable":true,"href":"https:\/\/myfood.eu\/de\/wp-json\/wp\/v2\/media\/1116378"}],"wp:attachment":[{"href":"https:\/\/myfood.eu\/de\/wp-json\/wp\/v2\/media?parent=1116536"}],"wp:term":[{"taxonomy":"portfolio-types","embeddable":true,"href":"https:\/\/myfood.eu\/de\/wp-json\/wp\/v2\/portfolio-types?post=1116536"}],"curies":[{"name":"wp","href":"https:\/\/api.w.org\/{rel}","templated":true}]}}

<p>CO2-Emissionen, Pestizide und Düngemittel, Null Abfall &#8230; Die Konsumgewohnheiten haben sich in Bezug auf Lebensmittel stark verändert. Die verantwortungsbewussten Bürger neigen mehr und mehr dazu, die lokale Produktion und die Ökologie zu bevorzugen. Angesichts dieser Beobachtung hat das 2015 gegründete Straßburger Start-up MyFood vernetzte Gewächshäuser entwickelt, um die Übernahme dieses Kulturmodells zu erleichtern. &#8220;Die Menschen wollen genau wissen, was auf ihrem Teller liegt, und die Technologie kann das garantieren&#8221;, sagte Mickaël Gandecki, Präsident und Gründer, gegenüber L&#8217;Usine Digitale.   </p>

<p></p>

<!-- This site is optimized with the Yoast SEO plugin v24.7 - https://yoast.com/wordpress/plugins/seo/ -->
<title>Digitale Anwendungen - myfood - Serre innovante et Permaculture</title>
<meta name="robots" content="index, follow, max-snippet:-1, max-image-preview:large, max-video-preview:-1" />
<link rel="canonical" href="https://myfood.eu/de/portfolio-item/digitale-anwendungen/" />
<meta property="og:locale" content="de_DE" />
<meta property="og:type" content="article" />
<meta property="og:title" content="Digitale Anwendungen - myfood - Serre innovante et Permaculture" />
<meta property="og:description" content="https://www.usine-digitale.fr/article/ces-2020-avec-sa-serre-connectee-myfood-encourage-une-culture-ecologique-et-autonome.N913059" />
<meta property="og:url" content="https://myfood.eu/de/portfolio-item/digitale-anwendungen/" />
<meta property="og:site_name" content="myfood - Serre innovante et Permaculture" />
<meta property="article:modified_time" content="2025-04-02T09:55:41+00:00" />
<meta property="og:image" content="https://myfood.eu/wp-content/uploads/2025/04/logousinedigitale-150x150-1.jpg" />
	<meta property="og:image:width" content="150" />
	<meta property="og:image:height" content="150" />
	<meta property="og:image:type" content="image/jpeg" />
<meta name="twitter:card" content="summary_large_image" />
<script type="application/ld+json" class="yoast-schema-graph">{"@context":"https://schema.org","@graph":[{"@type":"WebPage","@id":"https://myfood.eu/de/portfolio-item/digitale-anwendungen/","url":"https://myfood.eu/de/portfolio-item/digitale-anwendungen/","name":"Digitale Anwendungen - myfood - Serre innovante et Permaculture","isPartOf":{"@id":"https://myfood.eu/de/#website"},"primaryImageOfPage":{"@id":"https://myfood.eu/de/portfolio-item/digitale-anwendungen/#primaryimage"},"image":{"@id":"https://myfood.eu/de/portfolio-item/digitale-anwendungen/#primaryimage"},"thumbnailUrl":"/wp-content/uploads/2025/04/logousinedigitale-150x150-1.jpg","datePublished":"2020-01-27T09:05:00+00:00","dateModified":"2025-04-02T09:55:41+00:00","breadcrumb":{"@id":"https://myfood.eu/de/portfolio-item/digitale-anwendungen/#breadcrumb"},"inLanguage":"de","potentialAction":[{"@type":"ReadAction","target":["https://myfood.eu/de/portfolio-item/digitale-anwendungen/"]}]},{"@type":"ImageObject","inLanguage":"de","@id":"https://myfood.eu/de/portfolio-item/digitale-anwendungen/#primaryimage","url":"/wp-content/uploads/2025/04/logousinedigitale-150x150-1.jpg","contentUrl":"/wp-content/uploads/2025/04/logousinedigitale-150x150-1.jpg","width":150,"height":150},{"@type":"BreadcrumbList","@id":"https://myfood.eu/de/portfolio-item/digitale-anwendungen/#breadcrumb","itemListElement":[{"@type":"ListItem","position":1,"name":"Home","item":"https://myfood.eu/de/"},{"@type":"ListItem","position":2,"name":"Digitale Anwendungen"}]},{"@type":"WebSite","@id":"https://myfood.eu/de/#website","url":"https://myfood.eu/de/","name":"myfood - Serre innovante et Permaculture","description":"Se reconnecter à son alimentation","potentialAction":[{"@type":"SearchAction","target":{"@type":"EntryPoint","urlTemplate":"https://myfood.eu/de/?s={search_term_string}"},"query-input":{"@type":"PropertyValueSpecification","valueRequired":true,"valueName":"search_term_string"}}],"inLanguage":"de"}]}</script>
<!-- / Yoast SEO plugin. -->

Se reconnecter à son alimentation
