{"id":1116937,"date":"2021-12-10T09:16:00","date_gmt":"2021-12-10T08:16:00","guid":{"rendered":"https:\/\/myfood.eu\/portfolio-item\/positivr-3\/"},"modified":"2025-04-14T10:15:07","modified_gmt":"2025-04-14T09:15:07","slug":"positivr-3","status":"publish","type":"portfolio","link":"https:\/\/myfood.eu\/de\/portfolio-item\/positivr-3\/","title":{"rendered":"PositivR"},"content":{"rendered":"\n<p>10 Gr\u00fcnde, warum Sie Ihr Obst und Gem\u00fcse in diesem Winter mit den innovativen Gew\u00e4chsh\u00e4usern von Myfood anbauen sollten Um Ihr Obst und Gem\u00fcse auch im Winter anzubauen, bietet Myfood innovative, schl\u00fcsselfertige Gew\u00e4chsh\u00e4user an.<\/p>\n","protected":false},"excerpt":{"rendered":"<p>https:\/\/positivr.fr\/10-raisons-faire-pousser-fruits-legumes-hiver-serres-innovantes-myfood-sponso\/<\/p>\n","protected":false},"author":1,"featured_media":1116878,"menu_order":0,"comment_status":"open","ping_status":"closed","template":"","meta":[],"portfolio-types":[289],"class_list":["post-1116937","portfolio","type-portfolio","status-publish","has-post-thumbnail","hentry","portfolio-types-presse-de"],"yoast_head":"<!-- This site is optimized with the Yoast SEO plugin v24.7 - https:\/\/yoast.com\/wordpress\/plugins\/seo\/ -->\n<title>PositivR - myfood - Serre innovante et Permaculture<\/title>\n<meta name=\"robots\" content=\"index, follow, max-snippet:-1, max-image-preview:large, max-video-preview:-1\" \/>\n<link rel=\"canonical\" href=\"https:\/\/myfood.eu\/de\/portfolio-item\/positivr-3\/\" \/>\n<meta property=\"og:locale\" content=\"de_DE\" \/>\n<meta property=\"og:type\" content=\"article\" \/>\n<meta property=\"og:title\" content=\"PositivR - myfood - Serre innovante et Permaculture\" \/>\n<meta property=\"og:description\" content=\"https:\/\/positivr.fr\/10-raisons-faire-pousser-fruits-legumes-hiver-serres-innovantes-myfood-sponso\/\" \/>\n<meta property=\"og:url\" content=\"https:\/\/myfood.eu\/de\/portfolio-item\/positivr-3\/\" \/>\n<meta property=\"og:site_name\" content=\"myfood - Serre innovante et Permaculture\" \/>\n<meta property=\"article:modified_time\" content=\"2025-04-14T09:15:07+00:00\" \/>\n<meta property=\"og:image\" content=\"https:\/\/myfood.eu\/wp-content\/uploads\/2025\/04\/PositivR-150x150-1.png\" \/>\n\t<meta property=\"og:image:width\" content=\"150\" \/>\n\t<meta property=\"og:image:height\" content=\"150\" \/>\n\t<meta property=\"og:image:type\" content=\"image\/png\" \/>\n<meta name=\"twitter:card\" content=\"summary_large_image\" \/>\n<script type=\"application\/ld+json\" class=\"yoast-schema-graph\">{\"@context\":\"https:\/\/schema.org\",\"@graph\":[{\"@type\":\"WebPage\",\"@id\":\"https:\/\/myfood.eu\/de\/portfolio-item\/positivr-3\/\",\"url\":\"https:\/\/myfood.eu\/de\/portfolio-item\/positivr-3\/\",\"name\":\"PositivR - myfood - Serre innovante et Permaculture\",\"isPartOf\":{\"@id\":\"https:\/\/myfood.eu\/de\/#website\"},\"primaryImageOfPage\":{\"@id\":\"https:\/\/myfood.eu\/de\/portfolio-item\/positivr-3\/#primaryimage\"},\"image\":{\"@id\":\"https:\/\/myfood.eu\/de\/portfolio-item\/positivr-3\/#primaryimage\"},\"thumbnailUrl\":\"\/wp-content\/uploads\/2025\/04\/PositivR-150x150-1.png\",\"datePublished\":\"2021-12-10T08:16:00+00:00\",\"dateModified\":\"2025-04-14T09:15:07+00:00\",\"breadcrumb\":{\"@id\":\"https:\/\/myfood.eu\/de\/portfolio-item\/positivr-3\/#breadcrumb\"},\"inLanguage\":\"de\",\"potentialAction\":[{\"@type\":\"ReadAction\",\"target\":[\"https:\/\/myfood.eu\/de\/portfolio-item\/positivr-3\/\"]}]},{\"@type\":\"ImageObject\",\"inLanguage\":\"de\",\"@id\":\"https:\/\/myfood.eu\/de\/portfolio-item\/positivr-3\/#primaryimage\",\"url\":\"\/wp-content\/uploads\/2025\/04\/PositivR-150x150-1.png\",\"contentUrl\":\"\/wp-content\/uploads\/2025\/04\/PositivR-150x150-1.png\",\"width\":150,\"height\":150},{\"@type\":\"BreadcrumbList\",\"@id\":\"https:\/\/myfood.eu\/de\/portfolio-item\/positivr-3\/#breadcrumb\",\"itemListElement\":[{\"@type\":\"ListItem\",\"position\":1,\"name\":\"Home\",\"item\":\"https:\/\/myfood.eu\/de\/\"},{\"@type\":\"ListItem\",\"position\":2,\"name\":\"PositivR\"}]},{\"@type\":\"WebSite\",\"@id\":\"https:\/\/myfood.eu\/de\/#website\",\"url\":\"https:\/\/myfood.eu\/de\/\",\"name\":\"myfood - Serre innovante et Permaculture\",\"description\":\"Se reconnecter \u00e0 son alimentation\",\"potentialAction\":[{\"@type\":\"SearchAction\",\"target\":{\"@type\":\"EntryPoint\",\"urlTemplate\":\"https:\/\/myfood.eu\/de\/?s={search_term_string}\"},\"query-input\":{\"@type\":\"PropertyValueSpecification\",\"valueRequired\":true,\"valueName\":\"search_term_string\"}}],\"inLanguage\":\"de\"}]}<\/script>\n<!-- \/ Yoast SEO plugin. -->","yoast_head_json":{"title":"PositivR - myfood - Serre innovante et Permaculture","robots":{"index":"index","follow":"follow","max-snippet":"max-snippet:-1","max-image-preview":"max-image-preview:large","max-video-preview":"max-video-preview:-1"},"canonical":"https:\/\/myfood.eu\/de\/portfolio-item\/positivr-3\/","og_locale":"de_DE","og_type":"article","og_title":"PositivR - myfood - Serre innovante et Permaculture","og_description":"https:\/\/positivr.fr\/10-raisons-faire-pousser-fruits-legumes-hiver-serres-innovantes-myfood-sponso\/","og_url":"https:\/\/myfood.eu\/de\/portfolio-item\/positivr-3\/","og_site_name":"myfood - Serre innovante et Permaculture","article_modified_time":"2025-04-14T09:15:07+00:00","og_image":[{"width":150,"height":150,"url":"https:\/\/myfood.eu\/wp-content\/uploads\/2025\/04\/PositivR-150x150-1.png","type":"image\/png"}],"twitter_card":"summary_large_image","schema":{"@context":"https:\/\/schema.org","@graph":[{"@type":"WebPage","@id":"https:\/\/myfood.eu\/de\/portfolio-item\/positivr-3\/","url":"https:\/\/myfood.eu\/de\/portfolio-item\/positivr-3\/","name":"PositivR - myfood - Serre innovante et Permaculture","isPartOf":{"@id":"https:\/\/myfood.eu\/de\/#website"},"primaryImageOfPage":{"@id":"https:\/\/myfood.eu\/de\/portfolio-item\/positivr-3\/#primaryimage"},"image":{"@id":"https:\/\/myfood.eu\/de\/portfolio-item\/positivr-3\/#primaryimage"},"thumbnailUrl":"\/wp-content\/uploads\/2025\/04\/PositivR-150x150-1.png","datePublished":"2021-12-10T08:16:00+00:00","dateModified":"2025-04-14T09:15:07+00:00","breadcrumb":{"@id":"https:\/\/myfood.eu\/de\/portfolio-item\/positivr-3\/#breadcrumb"},"inLanguage":"de","potentialAction":[{"@type":"ReadAction","target":["https:\/\/myfood.eu\/de\/portfolio-item\/positivr-3\/"]}]},{"@type":"ImageObject","inLanguage":"de","@id":"https:\/\/myfood.eu\/de\/portfolio-item\/positivr-3\/#primaryimage","url":"\/wp-content\/uploads\/2025\/04\/PositivR-150x150-1.png","contentUrl":"\/wp-content\/uploads\/2025\/04\/PositivR-150x150-1.png","width":150,"height":150},{"@type":"BreadcrumbList","@id":"https:\/\/myfood.eu\/de\/portfolio-item\/positivr-3\/#breadcrumb","itemListElement":[{"@type":"ListItem","position":1,"name":"Home","item":"https:\/\/myfood.eu\/de\/"},{"@type":"ListItem","position":2,"name":"PositivR"}]},{"@type":"WebSite","@id":"https:\/\/myfood.eu\/de\/#website","url":"https:\/\/myfood.eu\/de\/","name":"myfood - Serre innovante et Permaculture","description":"Se reconnecter \u00e0 son alimentation","potentialAction":[{"@type":"SearchAction","target":{"@type":"EntryPoint","urlTemplate":"https:\/\/myfood.eu\/de\/?s={search_term_string}"},"query-input":{"@type":"PropertyValueSpecification","valueRequired":true,"valueName":"search_term_string"}}],"inLanguage":"de"}]}},"_links":{"self":[{"href":"https:\/\/myfood.eu\/de\/wp-json\/wp\/v2\/portfolio\/1116937","targetHints":{"allow":["GET"]}}],"collection":[{"href":"https:\/\/myfood.eu\/de\/wp-json\/wp\/v2\/portfolio"}],"about":[{"href":"https:\/\/myfood.eu\/de\/wp-json\/wp\/v2\/types\/portfolio"}],"author":[{"embeddable":true,"href":"https:\/\/myfood.eu\/de\/wp-json\/wp\/v2\/users\/1"}],"replies":[{"embeddable":true,"href":"https:\/\/myfood.eu\/de\/wp-json\/wp\/v2\/comments?post=1116937"}],"wp:featuredmedia":[{"embeddable":true,"href":"https:\/\/myfood.eu\/de\/wp-json\/wp\/v2\/media\/1116878"}],"wp:attachment":[{"href":"https:\/\/myfood.eu\/de\/wp-json\/wp\/v2\/media?parent=1116937"}],"wp:term":[{"taxonomy":"portfolio-types","embeddable":true,"href":"https:\/\/myfood.eu\/de\/wp-json\/wp\/v2\/portfolio-types?post=1116937"}],"curies":[{"name":"wp","href":"https:\/\/api.w.org\/{rel}","templated":true}]}}

<p>10 Gründe, warum Sie Ihr Obst und Gemüse in diesem Winter mit den innovativen Gewächshäusern von Myfood anbauen sollten Um Ihr Obst und Gemüse auch im Winter anzubauen, bietet Myfood innovative, schlüsselfertige Gewächshäuser an.</p>

<!-- This site is optimized with the Yoast SEO plugin v24.7 - https://yoast.com/wordpress/plugins/seo/ -->
<title>PositivR - myfood - Serre innovante et Permaculture</title>
<meta name="robots" content="index, follow, max-snippet:-1, max-image-preview:large, max-video-preview:-1" />
<link rel="canonical" href="https://myfood.eu/de/portfolio-item/positivr-3/" />
<meta property="og:locale" content="de_DE" />
<meta property="og:type" content="article" />
<meta property="og:title" content="PositivR - myfood - Serre innovante et Permaculture" />
<meta property="og:description" content="https://positivr.fr/10-raisons-faire-pousser-fruits-legumes-hiver-serres-innovantes-myfood-sponso/" />
<meta property="og:url" content="https://myfood.eu/de/portfolio-item/positivr-3/" />
<meta property="og:site_name" content="myfood - Serre innovante et Permaculture" />
<meta property="article:modified_time" content="2025-04-14T09:15:07+00:00" />
<meta property="og:image" content="https://myfood.eu/wp-content/uploads/2025/04/PositivR-150x150-1.png" />
	<meta property="og:image:width" content="150" />
	<meta property="og:image:height" content="150" />
	<meta property="og:image:type" content="image/png" />
<meta name="twitter:card" content="summary_large_image" />
<script type="application/ld+json" class="yoast-schema-graph">{"@context":"https://schema.org","@graph":[{"@type":"WebPage","@id":"https://myfood.eu/de/portfolio-item/positivr-3/","url":"https://myfood.eu/de/portfolio-item/positivr-3/","name":"PositivR - myfood - Serre innovante et Permaculture","isPartOf":{"@id":"https://myfood.eu/de/#website"},"primaryImageOfPage":{"@id":"https://myfood.eu/de/portfolio-item/positivr-3/#primaryimage"},"image":{"@id":"https://myfood.eu/de/portfolio-item/positivr-3/#primaryimage"},"thumbnailUrl":"/wp-content/uploads/2025/04/PositivR-150x150-1.png","datePublished":"2021-12-10T08:16:00+00:00","dateModified":"2025-04-14T09:15:07+00:00","breadcrumb":{"@id":"https://myfood.eu/de/portfolio-item/positivr-3/#breadcrumb"},"inLanguage":"de","potentialAction":[{"@type":"ReadAction","target":["https://myfood.eu/de/portfolio-item/positivr-3/"]}]},{"@type":"ImageObject","inLanguage":"de","@id":"https://myfood.eu/de/portfolio-item/positivr-3/#primaryimage","url":"/wp-content/uploads/2025/04/PositivR-150x150-1.png","contentUrl":"/wp-content/uploads/2025/04/PositivR-150x150-1.png","width":150,"height":150},{"@type":"BreadcrumbList","@id":"https://myfood.eu/de/portfolio-item/positivr-3/#breadcrumb","itemListElement":[{"@type":"ListItem","position":1,"name":"Home","item":"https://myfood.eu/de/"},{"@type":"ListItem","position":2,"name":"PositivR"}]},{"@type":"WebSite","@id":"https://myfood.eu/de/#website","url":"https://myfood.eu/de/","name":"myfood - Serre innovante et Permaculture","description":"Se reconnecter à son alimentation","potentialAction":[{"@type":"SearchAction","target":{"@type":"EntryPoint","urlTemplate":"https://myfood.eu/de/?s={search_term_string}"},"query-input":{"@type":"PropertyValueSpecification","valueRequired":true,"valueName":"search_term_string"}}],"inLanguage":"de"}]}</script>
<!-- / Yoast SEO plugin. -->

Se reconnecter à son alimentation
