{"id":1116254,"date":"2018-04-05T14:42:00","date_gmt":"2018-04-05T13:42:00","guid":{"rendered":"https:\/\/myfood.eu\/portfolio-item\/le-figaro\/"},"modified":"2025-04-01T15:18:38","modified_gmt":"2025-04-01T14:18:38","slug":"le-figaro","status":"publish","type":"portfolio","link":"https:\/\/myfood.eu\/fr\/portfolio-item\/le-figaro\/","title":{"rendered":"Le Figaro"},"content":{"rendered":"\n<p>D&#8217;une superficie de 22 m2, &#8220;cette serre peut nourrir une famille de 4 personnes, ajoute Urban. Elle produit jusqu&#8217;\u00e0 50 kilos de poissons et 350 \u00e0 500 kilos de plantes par an selon les vari\u00e9t\u00e9s. Ainsi sur ces fameuses tours verticales peuvent pousser courgettes, salades, choux, radis, aubergines ou fraises&#8230; &#8220;Les restaurateurs utilisent m\u00eame cette serre uniquement pour planter des herbes aromatiques, note Matthieu Urban.<\/p>\n\n<p><\/p>\n","protected":false},"excerpt":{"rendered":"<p>http:\/\/www.lefigaro.fr\/conjoncture\/2017\/03\/02\/20002-20170302ARTFIG00212-les-agriculteurs-trouvent-leur-salut-en-ville.php<\/p>\n","protected":false},"author":1,"featured_media":1116228,"menu_order":0,"comment_status":"open","ping_status":"closed","template":"","meta":[],"portfolio-types":[288],"class_list":["post-1116254","portfolio","type-portfolio","status-publish","has-post-thumbnail","hentry","portfolio-types-presse"],"yoast_head":"<!-- This site is optimized with the Yoast SEO plugin v24.7 - https:\/\/yoast.com\/wordpress\/plugins\/seo\/ -->\n<title>Le Figaro - myfood - Serre innovante et Permaculture<\/title>\n<meta name=\"robots\" content=\"index, follow, max-snippet:-1, max-image-preview:large, max-video-preview:-1\" \/>\n<link rel=\"canonical\" href=\"https:\/\/myfood.eu\/fr\/portfolio-item\/le-figaro\/\" \/>\n<meta property=\"og:locale\" content=\"fr_FR\" \/>\n<meta property=\"og:type\" content=\"article\" \/>\n<meta property=\"og:title\" content=\"Le Figaro - myfood - Serre innovante et Permaculture\" \/>\n<meta property=\"og:description\" content=\"http:\/\/www.lefigaro.fr\/conjoncture\/2017\/03\/02\/20002-20170302ARTFIG00212-les-agriculteurs-trouvent-leur-salut-en-ville.php\" \/>\n<meta property=\"og:url\" content=\"https:\/\/myfood.eu\/fr\/portfolio-item\/le-figaro\/\" \/>\n<meta property=\"og:site_name\" content=\"myfood - Serre innovante et Permaculture\" \/>\n<meta property=\"article:modified_time\" content=\"2025-04-01T14:18:38+00:00\" \/>\n<meta property=\"og:image\" content=\"https:\/\/myfood.eu\/wp-content\/uploads\/2025\/04\/LeFigaro.png\" \/>\n\t<meta property=\"og:image:width\" content=\"778\" \/>\n\t<meta property=\"og:image:height\" content=\"779\" \/>\n\t<meta property=\"og:image:type\" content=\"image\/png\" \/>\n<meta name=\"twitter:card\" content=\"summary_large_image\" \/>\n<script type=\"application\/ld+json\" class=\"yoast-schema-graph\">{\"@context\":\"https:\/\/schema.org\",\"@graph\":[{\"@type\":\"WebPage\",\"@id\":\"https:\/\/myfood.eu\/fr\/portfolio-item\/le-figaro\/\",\"url\":\"https:\/\/myfood.eu\/fr\/portfolio-item\/le-figaro\/\",\"name\":\"Le Figaro - myfood - Serre innovante et Permaculture\",\"isPartOf\":{\"@id\":\"https:\/\/myfood.eu\/fr\/#website\"},\"primaryImageOfPage\":{\"@id\":\"https:\/\/myfood.eu\/fr\/portfolio-item\/le-figaro\/#primaryimage\"},\"image\":{\"@id\":\"https:\/\/myfood.eu\/fr\/portfolio-item\/le-figaro\/#primaryimage\"},\"thumbnailUrl\":\"\/wp-content\/uploads\/2025\/04\/LeFigaro.png\",\"datePublished\":\"2018-04-05T13:42:00+00:00\",\"dateModified\":\"2025-04-01T14:18:38+00:00\",\"breadcrumb\":{\"@id\":\"https:\/\/myfood.eu\/fr\/portfolio-item\/le-figaro\/#breadcrumb\"},\"inLanguage\":\"fr-FR\",\"potentialAction\":[{\"@type\":\"ReadAction\",\"target\":[\"https:\/\/myfood.eu\/fr\/portfolio-item\/le-figaro\/\"]}]},{\"@type\":\"ImageObject\",\"inLanguage\":\"fr-FR\",\"@id\":\"https:\/\/myfood.eu\/fr\/portfolio-item\/le-figaro\/#primaryimage\",\"url\":\"\/wp-content\/uploads\/2025\/04\/LeFigaro.png\",\"contentUrl\":\"\/wp-content\/uploads\/2025\/04\/LeFigaro.png\",\"width\":778,\"height\":779},{\"@type\":\"BreadcrumbList\",\"@id\":\"https:\/\/myfood.eu\/fr\/portfolio-item\/le-figaro\/#breadcrumb\",\"itemListElement\":[{\"@type\":\"ListItem\",\"position\":1,\"name\":\"Home\",\"item\":\"https:\/\/myfood.eu\/fr\/\"},{\"@type\":\"ListItem\",\"position\":2,\"name\":\"Le Figaro\"}]},{\"@type\":\"WebSite\",\"@id\":\"https:\/\/myfood.eu\/fr\/#website\",\"url\":\"https:\/\/myfood.eu\/fr\/\",\"name\":\"myfood - Serre innovante et Permaculture\",\"description\":\"Se reconnecter \u00e0 son alimentation\",\"potentialAction\":[{\"@type\":\"SearchAction\",\"target\":{\"@type\":\"EntryPoint\",\"urlTemplate\":\"https:\/\/myfood.eu\/fr\/?s={search_term_string}\"},\"query-input\":{\"@type\":\"PropertyValueSpecification\",\"valueRequired\":true,\"valueName\":\"search_term_string\"}}],\"inLanguage\":\"fr-FR\"}]}<\/script>\n<!-- \/ Yoast SEO plugin. -->","yoast_head_json":{"title":"Le Figaro - myfood - Serre innovante et Permaculture","robots":{"index":"index","follow":"follow","max-snippet":"max-snippet:-1","max-image-preview":"max-image-preview:large","max-video-preview":"max-video-preview:-1"},"canonical":"https:\/\/myfood.eu\/fr\/portfolio-item\/le-figaro\/","og_locale":"fr_FR","og_type":"article","og_title":"Le Figaro - myfood - Serre innovante et Permaculture","og_description":"http:\/\/www.lefigaro.fr\/conjoncture\/2017\/03\/02\/20002-20170302ARTFIG00212-les-agriculteurs-trouvent-leur-salut-en-ville.php","og_url":"https:\/\/myfood.eu\/fr\/portfolio-item\/le-figaro\/","og_site_name":"myfood - Serre innovante et Permaculture","article_modified_time":"2025-04-01T14:18:38+00:00","og_image":[{"width":778,"height":779,"url":"https:\/\/myfood.eu\/wp-content\/uploads\/2025\/04\/LeFigaro.png","type":"image\/png"}],"twitter_card":"summary_large_image","schema":{"@context":"https:\/\/schema.org","@graph":[{"@type":"WebPage","@id":"https:\/\/myfood.eu\/fr\/portfolio-item\/le-figaro\/","url":"https:\/\/myfood.eu\/fr\/portfolio-item\/le-figaro\/","name":"Le Figaro - myfood - Serre innovante et Permaculture","isPartOf":{"@id":"https:\/\/myfood.eu\/fr\/#website"},"primaryImageOfPage":{"@id":"https:\/\/myfood.eu\/fr\/portfolio-item\/le-figaro\/#primaryimage"},"image":{"@id":"https:\/\/myfood.eu\/fr\/portfolio-item\/le-figaro\/#primaryimage"},"thumbnailUrl":"\/wp-content\/uploads\/2025\/04\/LeFigaro.png","datePublished":"2018-04-05T13:42:00+00:00","dateModified":"2025-04-01T14:18:38+00:00","breadcrumb":{"@id":"https:\/\/myfood.eu\/fr\/portfolio-item\/le-figaro\/#breadcrumb"},"inLanguage":"fr-FR","potentialAction":[{"@type":"ReadAction","target":["https:\/\/myfood.eu\/fr\/portfolio-item\/le-figaro\/"]}]},{"@type":"ImageObject","inLanguage":"fr-FR","@id":"https:\/\/myfood.eu\/fr\/portfolio-item\/le-figaro\/#primaryimage","url":"\/wp-content\/uploads\/2025\/04\/LeFigaro.png","contentUrl":"\/wp-content\/uploads\/2025\/04\/LeFigaro.png","width":778,"height":779},{"@type":"BreadcrumbList","@id":"https:\/\/myfood.eu\/fr\/portfolio-item\/le-figaro\/#breadcrumb","itemListElement":[{"@type":"ListItem","position":1,"name":"Home","item":"https:\/\/myfood.eu\/fr\/"},{"@type":"ListItem","position":2,"name":"Le Figaro"}]},{"@type":"WebSite","@id":"https:\/\/myfood.eu\/fr\/#website","url":"https:\/\/myfood.eu\/fr\/","name":"myfood - Serre innovante et Permaculture","description":"Se reconnecter \u00e0 son alimentation","potentialAction":[{"@type":"SearchAction","target":{"@type":"EntryPoint","urlTemplate":"https:\/\/myfood.eu\/fr\/?s={search_term_string}"},"query-input":{"@type":"PropertyValueSpecification","valueRequired":true,"valueName":"search_term_string"}}],"inLanguage":"fr-FR"}]}},"_links":{"self":[{"href":"https:\/\/myfood.eu\/fr\/wp-json\/wp\/v2\/portfolio\/1116254","targetHints":{"allow":["GET"]}}],"collection":[{"href":"https:\/\/myfood.eu\/fr\/wp-json\/wp\/v2\/portfolio"}],"about":[{"href":"https:\/\/myfood.eu\/fr\/wp-json\/wp\/v2\/types\/portfolio"}],"author":[{"embeddable":true,"href":"https:\/\/myfood.eu\/fr\/wp-json\/wp\/v2\/users\/1"}],"replies":[{"embeddable":true,"href":"https:\/\/myfood.eu\/fr\/wp-json\/wp\/v2\/comments?post=1116254"}],"wp:featuredmedia":[{"embeddable":true,"href":"https:\/\/myfood.eu\/fr\/wp-json\/wp\/v2\/media\/1116228"}],"wp:attachment":[{"href":"https:\/\/myfood.eu\/fr\/wp-json\/wp\/v2\/media?parent=1116254"}],"wp:term":[{"taxonomy":"portfolio-types","embeddable":true,"href":"https:\/\/myfood.eu\/fr\/wp-json\/wp\/v2\/portfolio-types?post=1116254"}],"curies":[{"name":"wp","href":"https:\/\/api.w.org\/{rel}","templated":true}]}}

<p>D&#8217;une superficie de 22 m2, &#8220;cette serre peut nourrir une famille de 4 personnes, ajoute Urban. Elle produit jusqu&#8217;à 50 kilos de poissons et 350 à 500 kilos de plantes par an selon les variétés. Ainsi sur ces fameuses tours verticales peuvent pousser courgettes, salades, choux, radis, aubergines ou fraises&#8230; &#8220;Les restaurateurs utilisent même cette serre uniquement pour planter des herbes aromatiques, note Matthieu Urban.</p>

<p></p>

<!-- This site is optimized with the Yoast SEO plugin v24.7 - https://yoast.com/wordpress/plugins/seo/ -->
<title>Le Figaro - myfood - Serre innovante et Permaculture</title>
<meta name="robots" content="index, follow, max-snippet:-1, max-image-preview:large, max-video-preview:-1" />
<link rel="canonical" href="https://myfood.eu/fr/portfolio-item/le-figaro/" />
<meta property="og:locale" content="fr_FR" />
<meta property="og:type" content="article" />
<meta property="og:title" content="Le Figaro - myfood - Serre innovante et Permaculture" />
<meta property="og:description" content="http://www.lefigaro.fr/conjoncture/2017/03/02/20002-20170302ARTFIG00212-les-agriculteurs-trouvent-leur-salut-en-ville.php" />
<meta property="og:url" content="https://myfood.eu/fr/portfolio-item/le-figaro/" />
<meta property="og:site_name" content="myfood - Serre innovante et Permaculture" />
<meta property="article:modified_time" content="2025-04-01T14:18:38+00:00" />
<meta property="og:image" content="https://myfood.eu/wp-content/uploads/2025/04/LeFigaro.png" />
	<meta property="og:image:width" content="778" />
	<meta property="og:image:height" content="779" />
	<meta property="og:image:type" content="image/png" />
<meta name="twitter:card" content="summary_large_image" />
<script type="application/ld+json" class="yoast-schema-graph">{"@context":"https://schema.org","@graph":[{"@type":"WebPage","@id":"https://myfood.eu/fr/portfolio-item/le-figaro/","url":"https://myfood.eu/fr/portfolio-item/le-figaro/","name":"Le Figaro - myfood - Serre innovante et Permaculture","isPartOf":{"@id":"https://myfood.eu/fr/#website"},"primaryImageOfPage":{"@id":"https://myfood.eu/fr/portfolio-item/le-figaro/#primaryimage"},"image":{"@id":"https://myfood.eu/fr/portfolio-item/le-figaro/#primaryimage"},"thumbnailUrl":"/wp-content/uploads/2025/04/LeFigaro.png","datePublished":"2018-04-05T13:42:00+00:00","dateModified":"2025-04-01T14:18:38+00:00","breadcrumb":{"@id":"https://myfood.eu/fr/portfolio-item/le-figaro/#breadcrumb"},"inLanguage":"fr-FR","potentialAction":[{"@type":"ReadAction","target":["https://myfood.eu/fr/portfolio-item/le-figaro/"]}]},{"@type":"ImageObject","inLanguage":"fr-FR","@id":"https://myfood.eu/fr/portfolio-item/le-figaro/#primaryimage","url":"/wp-content/uploads/2025/04/LeFigaro.png","contentUrl":"/wp-content/uploads/2025/04/LeFigaro.png","width":778,"height":779},{"@type":"BreadcrumbList","@id":"https://myfood.eu/fr/portfolio-item/le-figaro/#breadcrumb","itemListElement":[{"@type":"ListItem","position":1,"name":"Home","item":"https://myfood.eu/fr/"},{"@type":"ListItem","position":2,"name":"Le Figaro"}]},{"@type":"WebSite","@id":"https://myfood.eu/fr/#website","url":"https://myfood.eu/fr/","name":"myfood - Serre innovante et Permaculture","description":"Se reconnecter à son alimentation","potentialAction":[{"@type":"SearchAction","target":{"@type":"EntryPoint","urlTemplate":"https://myfood.eu/fr/?s={search_term_string}"},"query-input":{"@type":"PropertyValueSpecification","valueRequired":true,"valueName":"search_term_string"}}],"inLanguage":"fr-FR"}]}</script>
<!-- / Yoast SEO plugin. -->

Se reconnecter à son alimentation
