{"id":1116265,"date":"2020-01-27T14:19:00","date_gmt":"2020-01-27T13:19:00","guid":{"rendered":"https:\/\/myfood.eu\/portfolio-item\/rtl\/"},"modified":"2025-04-01T15:37:14","modified_gmt":"2025-04-01T14:37:14","slug":"rtl","status":"publish","type":"portfolio","link":"https:\/\/myfood.eu\/fr\/portfolio-item\/rtl\/","title":{"rendered":"RTL"},"content":{"rendered":"\n<p>Une serre high-tech pour cultiver des l\u00e9gumes sans pesticides, c&#8217;est d\u00e9sormais possible. La start-up alsacienne MyFood pr\u00e9sente sa serre connect\u00e9e au CES de Las Vegas, le rendez-vous mondial des nouvelles technologies. Cette serre intelligente fonctionne avec des poissons. Vous avez en effet dans la serre un bassin avec des carpes. Leurs d\u00e9jections sont utilis\u00e9es comme engrais pour faire pousser les l\u00e9gumes. Les plantes sont arros\u00e9es avec de l&#8217;eau de carpe. Des plantes qui, en \u00e9change, filtrent l&#8217;eau avec leurs racines et nettoient le bassin. C&#8217;est ce qu&#8217;on appelle l&#8217;aquaponie.       <\/p>\n\n<p><\/p>\n","protected":false},"excerpt":{"rendered":"<p>https:\/\/www.rtl.fr\/actu\/futur\/agriculture-une-serre-connectee-pour-faire-pousser-des-legumes-sans-pesticides-7799851770<\/p>\n","protected":false},"author":1,"featured_media":1116188,"menu_order":0,"comment_status":"open","ping_status":"closed","template":"","meta":[],"portfolio-types":[288],"class_list":["post-1116265","portfolio","type-portfolio","status-publish","has-post-thumbnail","hentry","portfolio-types-presse"],"yoast_head":"<!-- This site is optimized with the Yoast SEO plugin v24.7 - https:\/\/yoast.com\/wordpress\/plugins\/seo\/ -->\n<title>RTL - myfood - Serre innovante et Permaculture<\/title>\n<meta name=\"robots\" content=\"index, follow, max-snippet:-1, max-image-preview:large, max-video-preview:-1\" \/>\n<link rel=\"canonical\" href=\"https:\/\/myfood.eu\/fr\/portfolio-item\/rtl\/\" \/>\n<meta property=\"og:locale\" content=\"fr_FR\" \/>\n<meta property=\"og:type\" content=\"article\" \/>\n<meta property=\"og:title\" content=\"RTL - myfood - Serre innovante et Permaculture\" \/>\n<meta property=\"og:description\" content=\"https:\/\/www.rtl.fr\/actu\/futur\/agriculture-une-serre-connectee-pour-faire-pousser-des-legumes-sans-pesticides-7799851770\" \/>\n<meta property=\"og:url\" content=\"https:\/\/myfood.eu\/fr\/portfolio-item\/rtl\/\" \/>\n<meta property=\"og:site_name\" content=\"myfood - Serre innovante et Permaculture\" \/>\n<meta property=\"article:modified_time\" content=\"2025-04-01T14:37:14+00:00\" \/>\n<meta property=\"og:image\" content=\"https:\/\/myfood.eu\/wp-content\/uploads\/2025\/04\/images.png\" \/>\n\t<meta property=\"og:image:width\" content=\"184\" \/>\n\t<meta property=\"og:image:height\" content=\"184\" \/>\n\t<meta property=\"og:image:type\" content=\"image\/png\" \/>\n<meta name=\"twitter:card\" content=\"summary_large_image\" \/>\n<script type=\"application\/ld+json\" class=\"yoast-schema-graph\">{\"@context\":\"https:\/\/schema.org\",\"@graph\":[{\"@type\":\"WebPage\",\"@id\":\"https:\/\/myfood.eu\/fr\/portfolio-item\/rtl\/\",\"url\":\"https:\/\/myfood.eu\/fr\/portfolio-item\/rtl\/\",\"name\":\"RTL - myfood - Serre innovante et Permaculture\",\"isPartOf\":{\"@id\":\"https:\/\/myfood.eu\/fr\/#website\"},\"primaryImageOfPage\":{\"@id\":\"https:\/\/myfood.eu\/fr\/portfolio-item\/rtl\/#primaryimage\"},\"image\":{\"@id\":\"https:\/\/myfood.eu\/fr\/portfolio-item\/rtl\/#primaryimage\"},\"thumbnailUrl\":\"\/wp-content\/uploads\/2025\/04\/images.png\",\"datePublished\":\"2020-01-27T13:19:00+00:00\",\"dateModified\":\"2025-04-01T14:37:14+00:00\",\"breadcrumb\":{\"@id\":\"https:\/\/myfood.eu\/fr\/portfolio-item\/rtl\/#breadcrumb\"},\"inLanguage\":\"fr-FR\",\"potentialAction\":[{\"@type\":\"ReadAction\",\"target\":[\"https:\/\/myfood.eu\/fr\/portfolio-item\/rtl\/\"]}]},{\"@type\":\"ImageObject\",\"inLanguage\":\"fr-FR\",\"@id\":\"https:\/\/myfood.eu\/fr\/portfolio-item\/rtl\/#primaryimage\",\"url\":\"\/wp-content\/uploads\/2025\/04\/images.png\",\"contentUrl\":\"\/wp-content\/uploads\/2025\/04\/images.png\",\"width\":184,\"height\":184},{\"@type\":\"BreadcrumbList\",\"@id\":\"https:\/\/myfood.eu\/fr\/portfolio-item\/rtl\/#breadcrumb\",\"itemListElement\":[{\"@type\":\"ListItem\",\"position\":1,\"name\":\"Home\",\"item\":\"https:\/\/myfood.eu\/fr\/\"},{\"@type\":\"ListItem\",\"position\":2,\"name\":\"RTL\"}]},{\"@type\":\"WebSite\",\"@id\":\"https:\/\/myfood.eu\/fr\/#website\",\"url\":\"https:\/\/myfood.eu\/fr\/\",\"name\":\"myfood - Serre innovante et Permaculture\",\"description\":\"Se reconnecter \u00e0 son alimentation\",\"potentialAction\":[{\"@type\":\"SearchAction\",\"target\":{\"@type\":\"EntryPoint\",\"urlTemplate\":\"https:\/\/myfood.eu\/fr\/?s={search_term_string}\"},\"query-input\":{\"@type\":\"PropertyValueSpecification\",\"valueRequired\":true,\"valueName\":\"search_term_string\"}}],\"inLanguage\":\"fr-FR\"}]}<\/script>\n<!-- \/ Yoast SEO plugin. -->","yoast_head_json":{"title":"RTL - myfood - Serre innovante et Permaculture","robots":{"index":"index","follow":"follow","max-snippet":"max-snippet:-1","max-image-preview":"max-image-preview:large","max-video-preview":"max-video-preview:-1"},"canonical":"https:\/\/myfood.eu\/fr\/portfolio-item\/rtl\/","og_locale":"fr_FR","og_type":"article","og_title":"RTL - myfood - Serre innovante et Permaculture","og_description":"https:\/\/www.rtl.fr\/actu\/futur\/agriculture-une-serre-connectee-pour-faire-pousser-des-legumes-sans-pesticides-7799851770","og_url":"https:\/\/myfood.eu\/fr\/portfolio-item\/rtl\/","og_site_name":"myfood - Serre innovante et Permaculture","article_modified_time":"2025-04-01T14:37:14+00:00","og_image":[{"width":184,"height":184,"url":"https:\/\/myfood.eu\/wp-content\/uploads\/2025\/04\/images.png","type":"image\/png"}],"twitter_card":"summary_large_image","schema":{"@context":"https:\/\/schema.org","@graph":[{"@type":"WebPage","@id":"https:\/\/myfood.eu\/fr\/portfolio-item\/rtl\/","url":"https:\/\/myfood.eu\/fr\/portfolio-item\/rtl\/","name":"RTL - myfood - Serre innovante et Permaculture","isPartOf":{"@id":"https:\/\/myfood.eu\/fr\/#website"},"primaryImageOfPage":{"@id":"https:\/\/myfood.eu\/fr\/portfolio-item\/rtl\/#primaryimage"},"image":{"@id":"https:\/\/myfood.eu\/fr\/portfolio-item\/rtl\/#primaryimage"},"thumbnailUrl":"\/wp-content\/uploads\/2025\/04\/images.png","datePublished":"2020-01-27T13:19:00+00:00","dateModified":"2025-04-01T14:37:14+00:00","breadcrumb":{"@id":"https:\/\/myfood.eu\/fr\/portfolio-item\/rtl\/#breadcrumb"},"inLanguage":"fr-FR","potentialAction":[{"@type":"ReadAction","target":["https:\/\/myfood.eu\/fr\/portfolio-item\/rtl\/"]}]},{"@type":"ImageObject","inLanguage":"fr-FR","@id":"https:\/\/myfood.eu\/fr\/portfolio-item\/rtl\/#primaryimage","url":"\/wp-content\/uploads\/2025\/04\/images.png","contentUrl":"\/wp-content\/uploads\/2025\/04\/images.png","width":184,"height":184},{"@type":"BreadcrumbList","@id":"https:\/\/myfood.eu\/fr\/portfolio-item\/rtl\/#breadcrumb","itemListElement":[{"@type":"ListItem","position":1,"name":"Home","item":"https:\/\/myfood.eu\/fr\/"},{"@type":"ListItem","position":2,"name":"RTL"}]},{"@type":"WebSite","@id":"https:\/\/myfood.eu\/fr\/#website","url":"https:\/\/myfood.eu\/fr\/","name":"myfood - Serre innovante et Permaculture","description":"Se reconnecter \u00e0 son alimentation","potentialAction":[{"@type":"SearchAction","target":{"@type":"EntryPoint","urlTemplate":"https:\/\/myfood.eu\/fr\/?s={search_term_string}"},"query-input":{"@type":"PropertyValueSpecification","valueRequired":true,"valueName":"search_term_string"}}],"inLanguage":"fr-FR"}]}},"_links":{"self":[{"href":"https:\/\/myfood.eu\/fr\/wp-json\/wp\/v2\/portfolio\/1116265","targetHints":{"allow":["GET"]}}],"collection":[{"href":"https:\/\/myfood.eu\/fr\/wp-json\/wp\/v2\/portfolio"}],"about":[{"href":"https:\/\/myfood.eu\/fr\/wp-json\/wp\/v2\/types\/portfolio"}],"author":[{"embeddable":true,"href":"https:\/\/myfood.eu\/fr\/wp-json\/wp\/v2\/users\/1"}],"replies":[{"embeddable":true,"href":"https:\/\/myfood.eu\/fr\/wp-json\/wp\/v2\/comments?post=1116265"}],"wp:featuredmedia":[{"embeddable":true,"href":"https:\/\/myfood.eu\/fr\/wp-json\/wp\/v2\/media\/1116188"}],"wp:attachment":[{"href":"https:\/\/myfood.eu\/fr\/wp-json\/wp\/v2\/media?parent=1116265"}],"wp:term":[{"taxonomy":"portfolio-types","embeddable":true,"href":"https:\/\/myfood.eu\/fr\/wp-json\/wp\/v2\/portfolio-types?post=1116265"}],"curies":[{"name":"wp","href":"https:\/\/api.w.org\/{rel}","templated":true}]}}

<p>Une serre high-tech pour cultiver des légumes sans pesticides, c&#8217;est désormais possible. La start-up alsacienne MyFood présente sa serre connectée au CES de Las Vegas, le rendez-vous mondial des nouvelles technologies. Cette serre intelligente fonctionne avec des poissons. Vous avez en effet dans la serre un bassin avec des carpes. Leurs déjections sont utilisées comme engrais pour faire pousser les légumes. Les plantes sont arrosées avec de l&#8217;eau de carpe. Des plantes qui, en échange, filtrent l&#8217;eau avec leurs racines et nettoient le bassin. C&#8217;est ce qu&#8217;on appelle l&#8217;aquaponie.       </p>

<p></p>

<!-- This site is optimized with the Yoast SEO plugin v24.7 - https://yoast.com/wordpress/plugins/seo/ -->
<title>RTL - myfood - Serre innovante et Permaculture</title>
<meta name="robots" content="index, follow, max-snippet:-1, max-image-preview:large, max-video-preview:-1" />
<link rel="canonical" href="https://myfood.eu/fr/portfolio-item/rtl/" />
<meta property="og:locale" content="fr_FR" />
<meta property="og:type" content="article" />
<meta property="og:title" content="RTL - myfood - Serre innovante et Permaculture" />
<meta property="og:description" content="https://www.rtl.fr/actu/futur/agriculture-une-serre-connectee-pour-faire-pousser-des-legumes-sans-pesticides-7799851770" />
<meta property="og:url" content="https://myfood.eu/fr/portfolio-item/rtl/" />
<meta property="og:site_name" content="myfood - Serre innovante et Permaculture" />
<meta property="article:modified_time" content="2025-04-01T14:37:14+00:00" />
<meta property="og:image" content="https://myfood.eu/wp-content/uploads/2025/04/images.png" />
	<meta property="og:image:width" content="184" />
	<meta property="og:image:height" content="184" />
	<meta property="og:image:type" content="image/png" />
<meta name="twitter:card" content="summary_large_image" />
<script type="application/ld+json" class="yoast-schema-graph">{"@context":"https://schema.org","@graph":[{"@type":"WebPage","@id":"https://myfood.eu/fr/portfolio-item/rtl/","url":"https://myfood.eu/fr/portfolio-item/rtl/","name":"RTL - myfood - Serre innovante et Permaculture","isPartOf":{"@id":"https://myfood.eu/fr/#website"},"primaryImageOfPage":{"@id":"https://myfood.eu/fr/portfolio-item/rtl/#primaryimage"},"image":{"@id":"https://myfood.eu/fr/portfolio-item/rtl/#primaryimage"},"thumbnailUrl":"/wp-content/uploads/2025/04/images.png","datePublished":"2020-01-27T13:19:00+00:00","dateModified":"2025-04-01T14:37:14+00:00","breadcrumb":{"@id":"https://myfood.eu/fr/portfolio-item/rtl/#breadcrumb"},"inLanguage":"fr-FR","potentialAction":[{"@type":"ReadAction","target":["https://myfood.eu/fr/portfolio-item/rtl/"]}]},{"@type":"ImageObject","inLanguage":"fr-FR","@id":"https://myfood.eu/fr/portfolio-item/rtl/#primaryimage","url":"/wp-content/uploads/2025/04/images.png","contentUrl":"/wp-content/uploads/2025/04/images.png","width":184,"height":184},{"@type":"BreadcrumbList","@id":"https://myfood.eu/fr/portfolio-item/rtl/#breadcrumb","itemListElement":[{"@type":"ListItem","position":1,"name":"Home","item":"https://myfood.eu/fr/"},{"@type":"ListItem","position":2,"name":"RTL"}]},{"@type":"WebSite","@id":"https://myfood.eu/fr/#website","url":"https://myfood.eu/fr/","name":"myfood - Serre innovante et Permaculture","description":"Se reconnecter à son alimentation","potentialAction":[{"@type":"SearchAction","target":{"@type":"EntryPoint","urlTemplate":"https://myfood.eu/fr/?s={search_term_string}"},"query-input":{"@type":"PropertyValueSpecification","valueRequired":true,"valueName":"search_term_string"}}],"inLanguage":"fr-FR"}]}</script>
<!-- / Yoast SEO plugin. -->

Se reconnecter à son alimentation
