{"id":1116487,"date":"2018-04-05T10:13:00","date_gmt":"2018-04-05T09:13:00","guid":{"rendered":"https:\/\/myfood.eu\/portfolio-item\/alimagri\/"},"modified":"2025-04-02T10:32:40","modified_gmt":"2025-04-02T09:32:40","slug":"alimagri","status":"publish","type":"portfolio","link":"https:\/\/myfood.eu\/fr\/portfolio-item\/alimagri\/","title":{"rendered":"Alim&#8217;Agri"},"content":{"rendered":"\n<p>Myfood con\u00e7oit des serres connect\u00e9es pour tous ceux qui souhaitent cultiver leurs propres aliments. Con\u00e7ues pour \u00eatre install\u00e9es chez soi, sur sa terrasse ou dans son jardin, les serres offrent un environnement parfait pour faire pousser fruits et l\u00e9gumes. Un outil id\u00e9al pour devenir acteur de sa consommation !  <\/p>\n\n<p><\/p>\n","protected":false},"excerpt":{"rendered":"<p>http:\/\/agriculture.gouv.fr\/myfood-une-serre-connectee-pour-produire-sa-nourriture<\/p>\n","protected":false},"author":1,"featured_media":1116421,"menu_order":0,"comment_status":"open","ping_status":"closed","template":"","meta":[],"portfolio-types":[290],"class_list":["post-1116487","portfolio","type-portfolio","status-publish","has-post-thumbnail","hentry","portfolio-types-web-fr"],"yoast_head":"<!-- This site is optimized with the Yoast SEO plugin v24.7 - https:\/\/yoast.com\/wordpress\/plugins\/seo\/ -->\n<title>Alim&#039;Agri - myfood - Serre innovante et Permaculture<\/title>\n<meta name=\"robots\" content=\"index, follow, max-snippet:-1, max-image-preview:large, max-video-preview:-1\" \/>\n<link rel=\"canonical\" href=\"https:\/\/myfood.eu\/fr\/portfolio-item\/alimagri\/\" \/>\n<meta property=\"og:locale\" content=\"fr_FR\" \/>\n<meta property=\"og:type\" content=\"article\" \/>\n<meta property=\"og:title\" content=\"Alim&#039;Agri - myfood - Serre innovante et Permaculture\" \/>\n<meta property=\"og:description\" content=\"http:\/\/agriculture.gouv.fr\/myfood-une-serre-connectee-pour-produire-sa-nourriture\" \/>\n<meta property=\"og:url\" content=\"https:\/\/myfood.eu\/fr\/portfolio-item\/alimagri\/\" \/>\n<meta property=\"og:site_name\" content=\"myfood - Serre innovante et Permaculture\" \/>\n<meta property=\"article:modified_time\" content=\"2025-04-02T09:32:40+00:00\" \/>\n<meta property=\"og:image\" content=\"https:\/\/myfood.eu\/wp-content\/uploads\/2025\/04\/logoagri-150x150-1.jpg\" \/>\n\t<meta property=\"og:image:width\" content=\"150\" \/>\n\t<meta property=\"og:image:height\" content=\"150\" \/>\n\t<meta property=\"og:image:type\" content=\"image\/jpeg\" \/>\n<meta name=\"twitter:card\" content=\"summary_large_image\" \/>\n<script type=\"application\/ld+json\" class=\"yoast-schema-graph\">{\"@context\":\"https:\/\/schema.org\",\"@graph\":[{\"@type\":\"WebPage\",\"@id\":\"https:\/\/myfood.eu\/fr\/portfolio-item\/alimagri\/\",\"url\":\"https:\/\/myfood.eu\/fr\/portfolio-item\/alimagri\/\",\"name\":\"Alim'Agri - myfood - Serre innovante et Permaculture\",\"isPartOf\":{\"@id\":\"https:\/\/myfood.eu\/fr\/#website\"},\"primaryImageOfPage\":{\"@id\":\"https:\/\/myfood.eu\/fr\/portfolio-item\/alimagri\/#primaryimage\"},\"image\":{\"@id\":\"https:\/\/myfood.eu\/fr\/portfolio-item\/alimagri\/#primaryimage\"},\"thumbnailUrl\":\"\/wp-content\/uploads\/2025\/04\/logoagri-150x150-1.jpg\",\"datePublished\":\"2018-04-05T09:13:00+00:00\",\"dateModified\":\"2025-04-02T09:32:40+00:00\",\"breadcrumb\":{\"@id\":\"https:\/\/myfood.eu\/fr\/portfolio-item\/alimagri\/#breadcrumb\"},\"inLanguage\":\"fr-FR\",\"potentialAction\":[{\"@type\":\"ReadAction\",\"target\":[\"https:\/\/myfood.eu\/fr\/portfolio-item\/alimagri\/\"]}]},{\"@type\":\"ImageObject\",\"inLanguage\":\"fr-FR\",\"@id\":\"https:\/\/myfood.eu\/fr\/portfolio-item\/alimagri\/#primaryimage\",\"url\":\"\/wp-content\/uploads\/2025\/04\/logoagri-150x150-1.jpg\",\"contentUrl\":\"\/wp-content\/uploads\/2025\/04\/logoagri-150x150-1.jpg\",\"width\":150,\"height\":150},{\"@type\":\"BreadcrumbList\",\"@id\":\"https:\/\/myfood.eu\/fr\/portfolio-item\/alimagri\/#breadcrumb\",\"itemListElement\":[{\"@type\":\"ListItem\",\"position\":1,\"name\":\"Home\",\"item\":\"https:\/\/myfood.eu\/fr\/\"},{\"@type\":\"ListItem\",\"position\":2,\"name\":\"Alim&#8217;Agri\"}]},{\"@type\":\"WebSite\",\"@id\":\"https:\/\/myfood.eu\/fr\/#website\",\"url\":\"https:\/\/myfood.eu\/fr\/\",\"name\":\"myfood - Serre innovante et Permaculture\",\"description\":\"Se reconnecter \u00e0 son alimentation\",\"potentialAction\":[{\"@type\":\"SearchAction\",\"target\":{\"@type\":\"EntryPoint\",\"urlTemplate\":\"https:\/\/myfood.eu\/fr\/?s={search_term_string}\"},\"query-input\":{\"@type\":\"PropertyValueSpecification\",\"valueRequired\":true,\"valueName\":\"search_term_string\"}}],\"inLanguage\":\"fr-FR\"}]}<\/script>\n<!-- \/ Yoast SEO plugin. -->","yoast_head_json":{"title":"Alim'Agri - myfood - Serre innovante et Permaculture","robots":{"index":"index","follow":"follow","max-snippet":"max-snippet:-1","max-image-preview":"max-image-preview:large","max-video-preview":"max-video-preview:-1"},"canonical":"https:\/\/myfood.eu\/fr\/portfolio-item\/alimagri\/","og_locale":"fr_FR","og_type":"article","og_title":"Alim'Agri - myfood - Serre innovante et Permaculture","og_description":"http:\/\/agriculture.gouv.fr\/myfood-une-serre-connectee-pour-produire-sa-nourriture","og_url":"https:\/\/myfood.eu\/fr\/portfolio-item\/alimagri\/","og_site_name":"myfood - Serre innovante et Permaculture","article_modified_time":"2025-04-02T09:32:40+00:00","og_image":[{"width":150,"height":150,"url":"https:\/\/myfood.eu\/wp-content\/uploads\/2025\/04\/logoagri-150x150-1.jpg","type":"image\/jpeg"}],"twitter_card":"summary_large_image","schema":{"@context":"https:\/\/schema.org","@graph":[{"@type":"WebPage","@id":"https:\/\/myfood.eu\/fr\/portfolio-item\/alimagri\/","url":"https:\/\/myfood.eu\/fr\/portfolio-item\/alimagri\/","name":"Alim'Agri - myfood - Serre innovante et Permaculture","isPartOf":{"@id":"https:\/\/myfood.eu\/fr\/#website"},"primaryImageOfPage":{"@id":"https:\/\/myfood.eu\/fr\/portfolio-item\/alimagri\/#primaryimage"},"image":{"@id":"https:\/\/myfood.eu\/fr\/portfolio-item\/alimagri\/#primaryimage"},"thumbnailUrl":"\/wp-content\/uploads\/2025\/04\/logoagri-150x150-1.jpg","datePublished":"2018-04-05T09:13:00+00:00","dateModified":"2025-04-02T09:32:40+00:00","breadcrumb":{"@id":"https:\/\/myfood.eu\/fr\/portfolio-item\/alimagri\/#breadcrumb"},"inLanguage":"fr-FR","potentialAction":[{"@type":"ReadAction","target":["https:\/\/myfood.eu\/fr\/portfolio-item\/alimagri\/"]}]},{"@type":"ImageObject","inLanguage":"fr-FR","@id":"https:\/\/myfood.eu\/fr\/portfolio-item\/alimagri\/#primaryimage","url":"\/wp-content\/uploads\/2025\/04\/logoagri-150x150-1.jpg","contentUrl":"\/wp-content\/uploads\/2025\/04\/logoagri-150x150-1.jpg","width":150,"height":150},{"@type":"BreadcrumbList","@id":"https:\/\/myfood.eu\/fr\/portfolio-item\/alimagri\/#breadcrumb","itemListElement":[{"@type":"ListItem","position":1,"name":"Home","item":"https:\/\/myfood.eu\/fr\/"},{"@type":"ListItem","position":2,"name":"Alim&#8217;Agri"}]},{"@type":"WebSite","@id":"https:\/\/myfood.eu\/fr\/#website","url":"https:\/\/myfood.eu\/fr\/","name":"myfood - Serre innovante et Permaculture","description":"Se reconnecter \u00e0 son alimentation","potentialAction":[{"@type":"SearchAction","target":{"@type":"EntryPoint","urlTemplate":"https:\/\/myfood.eu\/fr\/?s={search_term_string}"},"query-input":{"@type":"PropertyValueSpecification","valueRequired":true,"valueName":"search_term_string"}}],"inLanguage":"fr-FR"}]}},"_links":{"self":[{"href":"https:\/\/myfood.eu\/fr\/wp-json\/wp\/v2\/portfolio\/1116487","targetHints":{"allow":["GET"]}}],"collection":[{"href":"https:\/\/myfood.eu\/fr\/wp-json\/wp\/v2\/portfolio"}],"about":[{"href":"https:\/\/myfood.eu\/fr\/wp-json\/wp\/v2\/types\/portfolio"}],"author":[{"embeddable":true,"href":"https:\/\/myfood.eu\/fr\/wp-json\/wp\/v2\/users\/1"}],"replies":[{"embeddable":true,"href":"https:\/\/myfood.eu\/fr\/wp-json\/wp\/v2\/comments?post=1116487"}],"wp:featuredmedia":[{"embeddable":true,"href":"https:\/\/myfood.eu\/fr\/wp-json\/wp\/v2\/media\/1116421"}],"wp:attachment":[{"href":"https:\/\/myfood.eu\/fr\/wp-json\/wp\/v2\/media?parent=1116487"}],"wp:term":[{"taxonomy":"portfolio-types","embeddable":true,"href":"https:\/\/myfood.eu\/fr\/wp-json\/wp\/v2\/portfolio-types?post=1116487"}],"curies":[{"name":"wp","href":"https:\/\/api.w.org\/{rel}","templated":true}]}}

<p>Myfood conçoit des serres connectées pour tous ceux qui souhaitent cultiver leurs propres aliments. Conçues pour être installées chez soi, sur sa terrasse ou dans son jardin, les serres offrent un environnement parfait pour faire pousser fruits et légumes. Un outil idéal pour devenir acteur de sa consommation !  </p>

<p></p>

<!-- This site is optimized with the Yoast SEO plugin v24.7 - https://yoast.com/wordpress/plugins/seo/ -->
<title>Alim&#039;Agri - myfood - Serre innovante et Permaculture</title>
<meta name="robots" content="index, follow, max-snippet:-1, max-image-preview:large, max-video-preview:-1" />
<link rel="canonical" href="https://myfood.eu/fr/portfolio-item/alimagri/" />
<meta property="og:locale" content="fr_FR" />
<meta property="og:type" content="article" />
<meta property="og:title" content="Alim&#039;Agri - myfood - Serre innovante et Permaculture" />
<meta property="og:description" content="http://agriculture.gouv.fr/myfood-une-serre-connectee-pour-produire-sa-nourriture" />
<meta property="og:url" content="https://myfood.eu/fr/portfolio-item/alimagri/" />
<meta property="og:site_name" content="myfood - Serre innovante et Permaculture" />
<meta property="article:modified_time" content="2025-04-02T09:32:40+00:00" />
<meta property="og:image" content="https://myfood.eu/wp-content/uploads/2025/04/logoagri-150x150-1.jpg" />
	<meta property="og:image:width" content="150" />
	<meta property="og:image:height" content="150" />
	<meta property="og:image:type" content="image/jpeg" />
<meta name="twitter:card" content="summary_large_image" />
<script type="application/ld+json" class="yoast-schema-graph">{"@context":"https://schema.org","@graph":[{"@type":"WebPage","@id":"https://myfood.eu/fr/portfolio-item/alimagri/","url":"https://myfood.eu/fr/portfolio-item/alimagri/","name":"Alim'Agri - myfood - Serre innovante et Permaculture","isPartOf":{"@id":"https://myfood.eu/fr/#website"},"primaryImageOfPage":{"@id":"https://myfood.eu/fr/portfolio-item/alimagri/#primaryimage"},"image":{"@id":"https://myfood.eu/fr/portfolio-item/alimagri/#primaryimage"},"thumbnailUrl":"/wp-content/uploads/2025/04/logoagri-150x150-1.jpg","datePublished":"2018-04-05T09:13:00+00:00","dateModified":"2025-04-02T09:32:40+00:00","breadcrumb":{"@id":"https://myfood.eu/fr/portfolio-item/alimagri/#breadcrumb"},"inLanguage":"fr-FR","potentialAction":[{"@type":"ReadAction","target":["https://myfood.eu/fr/portfolio-item/alimagri/"]}]},{"@type":"ImageObject","inLanguage":"fr-FR","@id":"https://myfood.eu/fr/portfolio-item/alimagri/#primaryimage","url":"/wp-content/uploads/2025/04/logoagri-150x150-1.jpg","contentUrl":"/wp-content/uploads/2025/04/logoagri-150x150-1.jpg","width":150,"height":150},{"@type":"BreadcrumbList","@id":"https://myfood.eu/fr/portfolio-item/alimagri/#breadcrumb","itemListElement":[{"@type":"ListItem","position":1,"name":"Home","item":"https://myfood.eu/fr/"},{"@type":"ListItem","position":2,"name":"Alim&#8217;Agri"}]},{"@type":"WebSite","@id":"https://myfood.eu/fr/#website","url":"https://myfood.eu/fr/","name":"myfood - Serre innovante et Permaculture","description":"Se reconnecter à son alimentation","potentialAction":[{"@type":"SearchAction","target":{"@type":"EntryPoint","urlTemplate":"https://myfood.eu/fr/?s={search_term_string}"},"query-input":{"@type":"PropertyValueSpecification","valueRequired":true,"valueName":"search_term_string"}}],"inLanguage":"fr-FR"}]}</script>
<!-- / Yoast SEO plugin. -->

Se reconnecter à son alimentation
